Last updated on 2025-11-15 03:50:15 CET.
| Flavor | Version | Tinstall | Tcheck | Ttotal | Status | Flags |
|---|---|---|---|---|---|---|
| r-devel-linux-x86_64-debian-clang | 3.3.5 | 12.54 | 341.04 | 353.58 | OK | |
| r-devel-linux-x86_64-debian-gcc | 3.3.5 | 8.42 | 232.23 | 240.65 | OK | |
| r-devel-linux-x86_64-fedora-clang | 3.3.5 | 58.00 | 518.07 | 576.07 | OK | |
| r-devel-linux-x86_64-fedora-gcc | 3.3.5 | 47.00 | 544.61 | 591.61 | OK | |
| r-devel-windows-x86_64 | 3.3.5 | 16.00 | 316.00 | 332.00 | OK | |
| r-patched-linux-x86_64 | 3.3.5 | 14.88 | 323.95 | 338.83 | OK | |
| r-release-linux-x86_64 | 3.3.5 | 12.27 | 325.22 | 337.49 | OK | |
| r-release-macos-arm64 | 3.3.5 | 6.00 | 134.00 | 140.00 | OK | |
| r-release-macos-x86_64 | 3.3.5 | 16.00 | 405.00 | 421.00 | OK | |
| r-release-windows-x86_64 | 3.3.5 | 14.00 | 329.00 | 343.00 | OK | |
| r-oldrel-macos-arm64 | 3.3.5 | 5.00 | 141.00 | 146.00 | NOTE | |
| r-oldrel-macos-x86_64 | 3.3.5 | 18.00 | 351.00 | 369.00 | NOTE | |
| r-oldrel-windows-x86_64 | 3.3.5 | 21.00 | 446.00 | 467.00 | NOTE |
Version: 3.3.5
Check: installed package size
Result: NOTE
installed size is 10.3Mb
sub-directories of 1Mb or more:
doc 9.8Mb
Flavors: r-oldrel-macos-arm64, r-oldrel-macos-x86_64, r-oldrel-windows-x86_64