Last updated on 2025-11-22 01:49:10 CET.
| Flavor | Version | Tinstall | Tcheck | Ttotal | Status | Flags |
|---|---|---|---|---|---|---|
| r-devel-linux-x86_64-debian-clang | 0.1.0 | 42.42 | 55.62 | 98.04 | OK | |
| r-devel-linux-x86_64-debian-gcc | 0.1.0 | 28.63 | 43.04 | 71.67 | OK | |
| r-devel-linux-x86_64-fedora-clang | 0.1.0 | 105.00 | 46.64 | 151.64 | OK | |
| r-devel-linux-x86_64-fedora-gcc | 0.1.0 | 108.00 | 45.33 | 153.33 | OK | |
| r-devel-windows-x86_64 | 0.1.0 | 43.00 | 83.00 | 126.00 | OK | |
| r-patched-linux-x86_64 | 0.1.0 | 38.62 | 51.46 | 90.08 | OK | |
| r-release-linux-x86_64 | 0.1.0 | 41.64 | 51.75 | 93.39 | OK | |
| r-release-macos-arm64 | 0.1.0 | OK | ||||
| r-release-macos-x86_64 | 0.1.0 | 49.00 | 46.00 | 95.00 | OK | |
| r-release-windows-x86_64 | 0.1.0 | 39.00 | 82.00 | 121.00 | OK | |
| r-oldrel-macos-arm64 | 0.1.0 | NOTE | ||||
| r-oldrel-macos-x86_64 | 0.1.0 | 60.00 | 63.00 | 123.00 | NOTE | |
| r-oldrel-windows-x86_64 | 0.1.0 | 53.00 | 105.00 | 158.00 | OK |
Version: 0.1.0
Check: installed package size
Result: NOTE
installed size is 6.5Mb
sub-directories of 1Mb or more:
libs 6.1Mb
Flavors: r-oldrel-macos-arm64, r-oldrel-macos-x86_64