Last updated on 2025-10-09 02:51:45 CEST.
Flavor | Version | Tinstall | Tcheck | Ttotal | Status | Flags |
---|---|---|---|---|---|---|
r-devel-linux-x86_64-debian-clang | 3.0.0 | 7.61 | 56.23 | 63.84 | NOTE | |
r-devel-linux-x86_64-debian-gcc | 3.0.0 | 5.02 | 40.36 | 45.38 | NOTE | |
r-devel-linux-x86_64-fedora-clang | 3.0.0 | 96.02 | OK | |||
r-devel-linux-x86_64-fedora-gcc | 3.0.0 | 90.28 | OK | |||
r-devel-windows-x86_64 | 3.0.0 | 9.00 | 69.00 | 78.00 | OK | |
r-patched-linux-x86_64 | 3.0.0 | 6.72 | 53.15 | 59.87 | OK | |
r-release-linux-x86_64 | 3.0.0 | 6.80 | 53.41 | 60.21 | OK | |
r-release-macos-arm64 | 3.0.0 | 34.00 | OK | |||
r-release-macos-x86_64 | 3.0.0 | 52.00 | OK | |||
r-release-windows-x86_64 | 3.0.0 | 9.00 | 70.00 | 79.00 | OK | |
r-oldrel-macos-arm64 | 3.0.0 | 29.00 | OK | |||
r-oldrel-macos-x86_64 | 3.0.0 | 47.00 | OK | |||
r-oldrel-windows-x86_64 | 3.0.0 | 12.00 | 83.00 | 95.00 | OK |
Version: 3.0.0
Check: CRAN incoming feasibility
Result: NOTE
Maintainer: ‘Eduardo Flores <eduardo@enelmargen.org>’
No Authors@R field in DESCRIPTION.
Please add one, modifying
Authors@R: person(given = "Eduardo",
family = "Flores",
role = c("aut", "cre"),
email = "eduardo@enelmargen.org")
as necessary.
Flavors: r-devel-linux-x86_64-debian-clang, r-devel-linux-x86_64-debian-gcc