Last updated on 2025-11-15 02:53:03 CET.
| Flavor | Version | Tinstall | Tcheck | Ttotal | Status | Flags |
|---|---|---|---|---|---|---|
| r-devel-linux-x86_64-debian-clang | 0.1.2 | 55.07 | 28.98 | 84.05 | OK | |
| r-devel-linux-x86_64-debian-gcc | 0.1.2 | 40.69 | 23.43 | 64.12 | OK | |
| r-devel-linux-x86_64-fedora-clang | 0.1.2 | 188.00 | -6.74 | 181.26 | OK | |
| r-devel-linux-x86_64-fedora-gcc | 0.1.2 | 145.00 | 8.52 | 153.52 | OK | |
| r-devel-windows-x86_64 | 0.1.2 | 81.00 | 65.00 | 146.00 | OK | |
| r-patched-linux-x86_64 | 0.1.2 | 57.18 | 26.98 | 84.16 | OK | |
| r-release-linux-x86_64 | 0.1.2 | 57.45 | 27.11 | 84.56 | OK | |
| r-release-macos-arm64 | 0.1.2 | 20.00 | 18.00 | 38.00 | OK | |
| r-release-macos-x86_64 | 0.1.2 | 20.00 | 30.00 | 50.00 | OK | |
| r-release-windows-x86_64 | 0.1.2 | 67.00 | 67.00 | 134.00 | OK | |
| r-oldrel-macos-arm64 | 0.1.2 | 24.00 | 17.00 | 41.00 | NOTE | |
| r-oldrel-macos-x86_64 | 0.1.2 | 20.00 | 25.00 | 45.00 | NOTE | |
| r-oldrel-windows-x86_64 | 0.1.2 | 72.00 | 82.00 | 154.00 | NOTE |
Version: 0.1.2
Check: LazyData
Result: NOTE
'LazyData' is specified without a 'data' directory
Flavors: r-oldrel-macos-arm64, r-oldrel-macos-x86_64, r-oldrel-windows-x86_64