Last updated on 2025-11-21 01:50:00 CET.
| Flavor | Version | Tinstall | Tcheck | Ttotal | Status | Flags |
|---|---|---|---|---|---|---|
| r-devel-linux-x86_64-debian-clang | 4.3 | 13.95 | 136.36 | 150.31 | OK | |
| r-devel-linux-x86_64-debian-gcc | 4.3 | 8.14 | 97.92 | 106.06 | OK | |
| r-devel-linux-x86_64-fedora-clang | 4.3 | 32.00 | 178.62 | 210.62 | OK | |
| r-devel-linux-x86_64-fedora-gcc | 4.3 | 33.00 | 178.36 | 211.36 | OK | |
| r-devel-windows-x86_64 | 4.3 | 24.00 | 158.00 | 182.00 | OK | |
| r-patched-linux-x86_64 | 4.3 | 14.11 | 126.39 | 140.50 | OK | |
| r-release-linux-x86_64 | 4.3 | 10.61 | 126.13 | 136.74 | OK | |
| r-release-macos-arm64 | 4.3 | OK | ||||
| r-release-macos-x86_64 | 4.3 | 13.00 | 157.00 | 170.00 | OK | |
| r-release-windows-x86_64 | 4.3 | 16.00 | 159.00 | 175.00 | OK | |
| r-oldrel-macos-arm64 | 4.3 | NOTE | ||||
| r-oldrel-macos-x86_64 | 4.3 | 11.00 | 142.00 | 153.00 | NOTE | |
| r-oldrel-windows-x86_64 | 4.3 | 23.00 | 191.00 | 214.00 | OK |
Version: 4.3
Check: package dependencies
Result: NOTE
Package suggested but not available for checking: ‘Rmpi’
Flavors: r-oldrel-macos-arm64, r-oldrel-macos-x86_64