Last updated on 2024-05-05 01:55:21 CEST.
Flavor | Version | Tinstall | Tcheck | Ttotal | Status | Flags |
---|---|---|---|---|---|---|
r-devel-linux-x86_64-debian-clang | 2022.10-17 | 15.70 | 41.11 | 56.81 | OK | |
r-devel-linux-x86_64-debian-gcc | 2022.10-17 | 12.72 | 31.10 | 43.82 | OK | |
r-devel-linux-x86_64-fedora-clang | 2022.10-17 | 2.47 | ERROR | |||
r-devel-linux-x86_64-fedora-gcc | 2022.10-17 | 72.50 | OK | |||
r-devel-windows-x86_64 | 2022.10-17 | 18.00 | 72.00 | 90.00 | OK | |
r-patched-linux-x86_64 | 2022.10-17 | 14.62 | 40.16 | 54.78 | OK | |
r-release-linux-x86_64 | 2022.10-17 | 14.23 | 39.49 | 53.72 | OK | |
r-release-macos-arm64 | 2022.10-17 | 26.00 | OK | |||
r-release-windows-x86_64 | 2022.10-17 | 18.00 | 75.00 | 93.00 | OK | |
r-oldrel-macos-arm64 | 2022.10-17 | 29.00 | OK | |||
r-oldrel-macos-x86_64 | 2022.10-17 | 42.00 | OK | |||
r-oldrel-windows-x86_64 | 2022.10-17 | 16.00 | 81.00 | 97.00 | OK |
Version: 2022.10-17
Check: package dependencies
Result: ERROR
Package required but not available: ‘kyotil’
See section ‘The DESCRIPTION file’ in the ‘Writing R Extensions’
manual.
Flavor: r-devel-linux-x86_64-fedora-clang