Last updated on 2024-05-21 02:02:06 CEST.
Flavor | Version | Tinstall | Tcheck | Ttotal | Status | Flags |
---|---|---|---|---|---|---|
r-devel-linux-x86_64-debian-clang | 0.1.5-1.1 | 3.41 | 20.20 | 23.61 | OK | |
r-devel-linux-x86_64-debian-gcc | 0.1.5-1.1 | 2.67 | 16.15 | 18.82 | OK | |
r-devel-linux-x86_64-fedora-clang | 0.1.5-1.1 | 30.15 | NOTE | |||
r-devel-linux-x86_64-fedora-gcc | 0.1.5-1.1 | 29.43 | NOTE | |||
r-devel-windows-x86_64 | 0.1.5-1.1 | 5.00 | 39.00 | 44.00 | OK | |
r-patched-linux-x86_64 | 0.1.5-1.1 | 3.36 | 19.26 | 22.62 | OK | |
r-release-linux-x86_64 | 0.1.5-1.1 | 3.21 | 19.49 | 22.70 | OK | |
r-release-macos-arm64 | 0.1.5-1.1 | 15.00 | OK | |||
r-release-windows-x86_64 | 0.1.5-1.1 | 5.00 | 38.00 | 43.00 | OK | |
r-oldrel-macos-arm64 | 0.1.5-1.1 | 14.00 | OK | |||
r-oldrel-macos-x86_64 | 0.1.5-1.1 | 22.00 | OK | |||
r-oldrel-windows-x86_64 | 0.1.5-1.1 | 5.00 | 38.00 | 43.00 | OK |
Version: 0.1.5-1.1
Check: compiled code
Result: NOTE
File ‘lassoshooting/libs/lassoshooting.so’:
Found no calls to: ‘R_registerRoutines’, ‘R_useDynamicSymbols’
It is good practice to register native routines and to disable symbol
search.
See ‘Writing portable packages’ in the ‘Writing R Extensions’ manual.
Flavors: r-devel-linux-x86_64-fedora-clang, r-devel-linux-x86_64-fedora-gcc