CRAN Package Check Results for Package lbreg

Last updated on 2025-11-16 01:49:19 CET.

Flavor Version Tinstall Tcheck Ttotal Status Flags
r-devel-linux-x86_64-debian-clang 1.3 1.88 28.11 29.99 NOTE
r-devel-linux-x86_64-debian-gcc 1.3 1.54 22.28 23.82 NOTE
r-devel-linux-x86_64-fedora-clang 1.3 46.93 OK
r-devel-linux-x86_64-fedora-gcc 1.3 41.91 OK
r-devel-windows-x86_64 1.3 3.00 45.00 48.00 OK
r-patched-linux-x86_64 1.3 2.05 26.51 28.56 OK
r-release-linux-x86_64 1.3 1.91 26.38 28.29 OK
r-release-macos-arm64 1.3 1.00 18.00 19.00 OK
r-release-macos-x86_64 1.3 2.00 25.00 27.00 OK
r-release-windows-x86_64 1.3 3.00 46.00 49.00 OK
r-oldrel-macos-arm64 1.3 1.00 16.00 17.00 OK
r-oldrel-macos-x86_64 1.3 2.00 25.00 27.00 OK
r-oldrel-windows-x86_64 1.3 3.00 49.00 52.00 OK

Check Details

Version: 1.3
Check: CRAN incoming feasibility
Result: NOTE Maintainer: ‘Bernardo Andrade <bbandrade@unb.br>’ No Authors@R field in DESCRIPTION. Please add one, modifying Authors@R: c(person(given = c("Bernardo", "B."), family = "Andrade", role = "aut"), person(given = "Bernardo", family = "Andrade", role = "cre", email = "bbandrade@unb.br")) as necessary. Flavors: r-devel-linux-x86_64-debian-clang, r-devel-linux-x86_64-debian-gcc