Last updated on 2025-11-21 02:50:25 CET.
| Flavor | Version | Tinstall | Tcheck | Ttotal | Status | Flags |
|---|---|---|---|---|---|---|
| r-devel-linux-x86_64-debian-clang | 0.1.0 | 18.75 | 38.75 | 57.50 | OK | |
| r-devel-linux-x86_64-debian-gcc | 0.1.0 | 12.33 | 28.86 | 41.19 | OK | |
| r-devel-linux-x86_64-fedora-clang | 0.1.0 | 42.00 | 59.40 | 101.40 | NOTE | |
| r-devel-linux-x86_64-fedora-gcc | 0.1.0 | 42.00 | 63.05 | 105.05 | NOTE | |
| r-devel-windows-x86_64 | 0.1.0 | 32.00 | 73.00 | 105.00 | OK | |
| r-patched-linux-x86_64 | 0.1.0 | 17.24 | 37.32 | 54.56 | OK | |
| r-release-linux-x86_64 | 0.1.0 | 17.61 | 36.76 | 54.37 | OK | |
| r-release-macos-arm64 | 0.1.0 | OK | ||||
| r-release-macos-x86_64 | 0.1.0 | 12.00 | 51.00 | 63.00 | OK | |
| r-release-windows-x86_64 | 0.1.0 | 25.00 | 71.00 | 96.00 | OK | |
| r-oldrel-macos-arm64 | 0.1.0 | OK | ||||
| r-oldrel-macos-x86_64 | 0.1.0 | 15.00 | 100.00 | 115.00 | OK | |
| r-oldrel-windows-x86_64 | 0.1.0 | 29.00 | 88.00 | 117.00 | OK |
Version: 0.1.0
Check: dependencies in R code
Result: NOTE
Namespace in Imports field not imported from: ‘RcppArmadillo’
All declared Imports should be used.
Flavors: r-devel-linux-x86_64-fedora-clang, r-devel-linux-x86_64-fedora-gcc