Last updated on 2025-11-15 02:53:05 CET.
| Flavor | Version | Tinstall | Tcheck | Ttotal | Status | Flags |
|---|---|---|---|---|---|---|
| r-devel-linux-x86_64-debian-clang | 0.1.0 | 3.03 | 28.04 | 31.07 | OK | |
| r-devel-linux-x86_64-debian-gcc | 0.1.0 | 1.96 | 21.64 | 23.60 | OK | |
| r-devel-linux-x86_64-fedora-clang | 0.1.0 | 14.00 | 34.01 | 48.01 | OK | |
| r-devel-linux-x86_64-fedora-gcc | 0.1.0 | 43.54 | OK | |||
| r-devel-windows-x86_64 | 0.1.0 | 6.00 | 47.00 | 53.00 | OK | |
| r-patched-linux-x86_64 | 0.1.0 | 2.88 | 26.61 | 29.49 | OK | |
| r-release-linux-x86_64 | 0.1.0 | 2.94 | 26.57 | 29.51 | OK | |
| r-release-macos-arm64 | 0.1.0 | 1.00 | 14.00 | 15.00 | OK | |
| r-release-macos-x86_64 | 0.1.0 | 3.00 | 30.00 | 33.00 | OK | |
| r-release-windows-x86_64 | 0.1.0 | 4.00 | 48.00 | 52.00 | OK | |
| r-oldrel-macos-arm64 | 0.1.0 | 2.00 | 16.00 | 18.00 | NOTE | |
| r-oldrel-macos-x86_64 | 0.1.0 | 2.00 | 23.00 | 25.00 | NOTE | |
| r-oldrel-windows-x86_64 | 0.1.0 | 5.00 | 55.00 | 60.00 | NOTE |
Version: 0.1.0
Check: LazyData
Result: NOTE
'LazyData' is specified without a 'data' directory
Flavors: r-oldrel-macos-arm64, r-oldrel-macos-x86_64, r-oldrel-windows-x86_64