Last updated on 2024-05-21 02:02:07 CEST.
Flavor | Version | Tinstall | Tcheck | Ttotal | Status | Flags |
---|---|---|---|---|---|---|
r-devel-linux-x86_64-debian-clang | 0.1.2 | 22.76 | 379.09 | 401.85 | OK | |
r-devel-linux-x86_64-debian-gcc | 0.1.2 | 19.37 | 282.36 | 301.73 | OK | |
r-devel-linux-x86_64-fedora-clang | 0.1.2 | 409.85 | OK | |||
r-devel-linux-x86_64-fedora-gcc | 0.1.2 | 499.57 | OK | |||
r-devel-windows-x86_64 | 0.1.2 | 21.00 | 274.00 | 295.00 | OK | |
r-patched-linux-x86_64 | 0.1.2 | 24.40 | 363.73 | 388.13 | OK | |
r-release-linux-x86_64 | 0.1.2 | 20.91 | 364.67 | 385.58 | OK | |
r-release-macos-arm64 | 0.1.2 | 5.00 | ERROR | |||
r-release-macos-x86_64 | 0.1.2 | 7.00 | ERROR | |||
r-release-windows-x86_64 | 0.1.2 | 20.00 | 280.00 | 300.00 | OK | |
r-oldrel-macos-arm64 | 0.1.2 | 9.00 | ERROR | |||
r-oldrel-macos-x86_64 | 0.1.2 | 13.00 | ERROR | |||
r-oldrel-windows-x86_64 | 0.1.2 | 29.00 | 332.00 | 361.00 | OK |
Version: 0.1.2
Check: package dependencies
Result: ERROR
Package required but not available: ‘QSutils’
See section ‘The DESCRIPTION file’ in the ‘Writing R Extensions’
manual.
Flavors: r-release-macos-arm64, r-release-macos-x86_64, r-oldrel-macos-arm64, r-oldrel-macos-x86_64