CRAN Package Check Results for Package lorenz

Last updated on 2025-11-16 01:49:20 CET.

Flavor Version Tinstall Tcheck Ttotal Status Flags
r-devel-linux-x86_64-debian-clang 0.1.0 1.81 23.41 25.22 OK
r-devel-linux-x86_64-debian-gcc 0.1.0 1.92 18.92 20.84 OK
r-devel-linux-x86_64-fedora-clang 0.1.0 37.28 OK
r-devel-linux-x86_64-fedora-gcc 0.1.0 35.14 OK
r-devel-windows-x86_64 0.1.0 4.00 40.00 44.00 OK
r-patched-linux-x86_64 0.1.0 2.06 21.25 23.31 OK
r-release-linux-x86_64 0.1.0 2.29 21.19 23.48 OK
r-release-macos-arm64 0.1.0 1.00 16.00 17.00 OK
r-release-macos-x86_64 0.1.0 2.00 24.00 26.00 OK
r-release-windows-x86_64 0.1.0 4.00 39.00 43.00 OK
r-oldrel-macos-arm64 0.1.0 1.00 15.00 16.00 NOTE
r-oldrel-macos-x86_64 0.1.0 2.00 21.00 23.00 NOTE
r-oldrel-windows-x86_64 0.1.0 5.00 45.00 50.00 NOTE

Check Details

Version: 0.1.0
Check: LazyData
Result: NOTE 'LazyData' is specified without a 'data' directory Flavors: r-oldrel-macos-arm64, r-oldrel-macos-x86_64, r-oldrel-windows-x86_64