Last updated on 2024-04-27 01:52:17 CEST.
Flavor | Version | Tinstall | Tcheck | Ttotal | Status | Flags |
---|---|---|---|---|---|---|
r-devel-linux-x86_64-debian-clang | 0.4 | 13.19 | 100.95 | 114.14 | NOTE | |
r-devel-linux-x86_64-debian-gcc | 0.4 | 13.58 | 75.12 | 88.70 | NOTE | |
r-devel-linux-x86_64-fedora-clang | 0.4 | 145.91 | NOTE | |||
r-devel-linux-x86_64-fedora-gcc | 0.4 | 140.55 | NOTE | |||
r-devel-windows-x86_64 | 0.4 | 14.00 | 87.00 | 101.00 | NOTE | |
r-patched-linux-x86_64 | 0.4 | 19.45 | 97.39 | 116.84 | NOTE | |
r-release-linux-x86_64 | 0.4 | 16.66 | 98.95 | 115.61 | NOTE | |
r-release-macos-arm64 | 0.4 | 42.00 | NOTE | |||
r-release-windows-x86_64 | 0.4 | 14.00 | 87.00 | 101.00 | NOTE | |
r-oldrel-macos-arm64 | 0.4 | 45.00 | NOTE | |||
r-oldrel-macos-x86_64 | 0.4 | 76.00 | NOTE | |||
r-oldrel-windows-x86_64 | 0.4 | 19.00 | 103.00 | 122.00 | NOTE |
Version: 0.4
Check: LazyData
Result: NOTE
'LazyData' is specified without a 'data' directory
Flavors: r-devel-linux-x86_64-debian-clang, r-devel-linux-x86_64-debian-gcc, r-devel-linux-x86_64-fedora-clang, r-devel-linux-x86_64-fedora-gcc, r-devel-windows-x86_64, r-patched-linux-x86_64, r-release-linux-x86_64, r-release-macos-arm64, r-release-windows-x86_64, r-oldrel-macos-arm64, r-oldrel-macos-x86_64, r-oldrel-windows-x86_64