Last updated on 2025-11-15 03:50:18 CET.
| Flavor | Version | Tinstall | Tcheck | Ttotal | Status | Flags |
|---|---|---|---|---|---|---|
| r-devel-linux-x86_64-debian-clang | 0.0.3 | 4.55 | 33.44 | 37.99 | NOTE | |
| r-devel-linux-x86_64-debian-gcc | 0.0.3 | 3.74 | 24.68 | 28.42 | NOTE | |
| r-devel-linux-x86_64-fedora-clang | 0.0.3 | 55.59 | OK | |||
| r-devel-linux-x86_64-fedora-gcc | 0.0.3 | 12.00 | 44.09 | 56.09 | OK | |
| r-devel-windows-x86_64 | 0.0.3 | 13.00 | 58.00 | 71.00 | OK | |
| r-patched-linux-x86_64 | 0.0.3 | 5.57 | 31.12 | 36.69 | OK | |
| r-release-linux-x86_64 | 0.0.3 | 5.08 | 30.74 | 35.82 | OK | |
| r-release-macos-arm64 | 0.0.3 | 4.00 | 24.00 | 28.00 | OK | |
| r-release-macos-x86_64 | 0.0.3 | 6.00 | 33.00 | 39.00 | OK | |
| r-release-windows-x86_64 | 0.0.3 | 9.00 | 58.00 | 67.00 | OK | |
| r-oldrel-macos-arm64 | 0.0.3 | 3.00 | 22.00 | 25.00 | OK | |
| r-oldrel-macos-x86_64 | 0.0.3 | 5.00 | 29.00 | 34.00 | OK | |
| r-oldrel-windows-x86_64 | 0.0.3 | 12.00 | 69.00 | 81.00 | OK |
Version: 0.0.3
Check: CRAN incoming feasibility
Result: NOTE
Maintainer: ‘David Moriña Soler <dmorina@ub.edu>’
No Authors@R field in DESCRIPTION.
Please add one, modifying
Authors@R: c(person(given = "David",
family = "Moriña",
role = c("aut", "cre"),
email = "dmorina@ub.edu",
comment = "Universitat de Barcelona"),
person(given = "Pedro",
family = "Puig",
role = "aut",
comment = "Universitat Autònoma de Barcelona"),
person(given = "Mireia",
family = "Diaz",
role = "aut",
comment = "Institut Català d'Oncologia"))
as necessary.
Flavors: r-devel-linux-x86_64-debian-clang, r-devel-linux-x86_64-debian-gcc