Last updated on 2024-04-30 01:50:33 CEST.
Flavor | Version | Tinstall | Tcheck | Ttotal | Status | Flags |
---|---|---|---|---|---|---|
r-devel-linux-x86_64-debian-clang | 2.0.8 | 5.58 | 185.50 | 191.08 | NOTE | |
r-devel-linux-x86_64-debian-gcc | 2.0.8 | 4.46 | 120.66 | 125.12 | NOTE | |
r-devel-linux-x86_64-fedora-clang | 2.0.8 | 225.45 | NOTE | |||
r-devel-linux-x86_64-fedora-gcc | 2.0.8 | 218.66 | NOTE | |||
r-devel-windows-x86_64 | 2.0.8 | 9.00 | 144.00 | 153.00 | NOTE | |
r-patched-linux-x86_64 | 2.0.8 | 4.17 | 164.64 | 168.81 | NOTE | |
r-release-linux-x86_64 | 2.0.8 | 4.13 | 169.40 | 173.53 | NOTE | |
r-release-macos-arm64 | 2.0.8 | 63.00 | NOTE | |||
r-release-windows-x86_64 | 2.0.8 | 8.00 | 144.00 | 152.00 | NOTE | |
r-oldrel-macos-arm64 | 2.0.8 | 66.00 | OK | |||
r-oldrel-macos-x86_64 | 2.0.8 | 116.00 | OK | |||
r-oldrel-windows-x86_64 | 2.0.8 | 9.00 | 193.00 | 202.00 | OK |
Version: 2.0.8
Check: Rd files
Result: NOTE
checkRd: (-1) marqLevAlg-package.Rd:14: Lost braces; missing escapes or markup?
14 | (GH^{-1}G).
| ^
Flavors: r-devel-linux-x86_64-debian-clang, r-devel-linux-x86_64-debian-gcc, r-devel-linux-x86_64-fedora-clang, r-devel-linux-x86_64-fedora-gcc, r-devel-windows-x86_64, r-patched-linux-x86_64, r-release-linux-x86_64, r-release-macos-arm64, r-release-windows-x86_64