Last updated on 2024-05-21 02:02:08 CEST.
Flavor | Version | Tinstall | Tcheck | Ttotal | Status | Flags |
---|---|---|---|---|---|---|
r-devel-linux-x86_64-debian-clang | 0.4.3 | 4.41 | 45.16 | 49.57 | NOTE | |
r-devel-linux-x86_64-debian-gcc | 0.4.3 | 3.13 | 34.80 | 37.93 | NOTE | |
r-devel-linux-x86_64-fedora-clang | 0.4.3 | 61.92 | NOTE | |||
r-devel-linux-x86_64-fedora-gcc | 0.4.3 | 61.08 | NOTE | |||
r-devel-windows-x86_64 | 0.4.3 | 4.00 | 68.00 | 72.00 | NOTE | |
r-patched-linux-x86_64 | 0.4.3 | 6.95 | 44.44 | 51.39 | NOTE | |
r-release-linux-x86_64 | 0.4.3 | 3.15 | 43.26 | 46.41 | NOTE | |
r-release-macos-arm64 | 0.4.3 | 22.00 | NOTE | |||
r-release-windows-x86_64 | 0.4.3 | 5.00 | 69.00 | 74.00 | NOTE | |
r-oldrel-macos-arm64 | 0.4.3 | 23.00 | NOTE | |||
r-oldrel-macos-x86_64 | 0.4.3 | 33.00 | NOTE | |||
r-oldrel-windows-x86_64 | 0.4.3 | 5.00 | 70.00 | 75.00 | NOTE |
Version: 0.4.3
Check: LazyData
Result: NOTE
'LazyData' is specified without a 'data' directory
Flavors: r-devel-linux-x86_64-debian-clang, r-devel-linux-x86_64-debian-gcc, r-devel-linux-x86_64-fedora-clang, r-devel-linux-x86_64-fedora-gcc, r-devel-windows-x86_64, r-patched-linux-x86_64, r-release-linux-x86_64, r-release-macos-arm64, r-release-windows-x86_64, r-oldrel-macos-arm64, r-oldrel-macos-x86_64, r-oldrel-windows-x86_64