Last updated on 2025-11-15 03:50:17 CET.
| Flavor | Version | Tinstall | Tcheck | Ttotal | Status | Flags |
|---|---|---|---|---|---|---|
| r-devel-linux-x86_64-debian-clang | 0.14.2 | 15.63 | 139.46 | 155.09 | NOTE | |
| r-devel-linux-x86_64-debian-gcc | 0.14.2 | 11.42 | 96.52 | 107.94 | NOTE | |
| r-devel-linux-x86_64-fedora-clang | 0.14.2 | 41.00 | 218.29 | 259.29 | OK | |
| r-devel-linux-x86_64-fedora-gcc | 0.14.2 | 81.00 | 176.77 | 257.77 | OK | |
| r-devel-windows-x86_64 | 0.14.2 | 23.00 | 183.00 | 206.00 | NOTE | |
| r-patched-linux-x86_64 | 0.14.2 | 21.64 | 130.44 | 152.08 | OK | |
| r-release-linux-x86_64 | 0.14.2 | 16.78 | 129.51 | 146.29 | OK | |
| r-release-macos-arm64 | 0.14.2 | 7.00 | 58.00 | 65.00 | OK | |
| r-release-macos-x86_64 | 0.14.2 | 15.00 | 124.00 | 139.00 | OK | |
| r-release-windows-x86_64 | 0.14.2 | 21.00 | 182.00 | 203.00 | OK | |
| r-oldrel-macos-arm64 | 0.14.2 | 8.00 | 56.00 | 64.00 | OK | |
| r-oldrel-macos-x86_64 | 0.14.2 | 22.00 | 162.00 | 184.00 | OK | |
| r-oldrel-windows-x86_64 | 0.14.2 | 26.00 | 218.00 | 244.00 | OK |
Version: 0.14.2
Check: Rd files
Result: NOTE
checkRd: (-1) carbs.Rd:15-19: Only 4 columns allowed in this table (row 1 has 2)
checkRd: (-1) carbs.Rd:15-19: Only 4 columns allowed in this table (row 2 has 2)
checkRd: (-1) carbs.Rd:15-19: Only 4 columns allowed in this table (row 3 has 2)
checkRd: (-1) people.Rd:16-29: Only 4 columns allowed in this table (row 1 has 2)
checkRd: (-1) people.Rd:16-29: Only 4 columns allowed in this table (row 2 has 2)
checkRd: (-1) people.Rd:16-29: Only 4 columns allowed in this table (row 3 has 2)
checkRd: (-1) people.Rd:16-29: Only 4 columns allowed in this table (row 4 has 2)
checkRd: (-1) people.Rd:16-29: Only 4 columns allowed in this table (row 5 has 2)
checkRd: (-1) people.Rd:16-29: Only 4 columns allowed in this table (row 6 has 2)
checkRd: (-1) people.Rd:16-29: Only 4 columns allowed in this table (row 7 has 2)
checkRd: (-1) people.Rd:16-29: Only 4 columns allowed in this table (row 8 has 2)
checkRd: (-1) people.Rd:16-29: Only 4 columns allowed in this table (row 9 has 2)
checkRd: (-1) people.Rd:16-29: Only 4 columns allowed in this table (row 10 has 2)
checkRd: (-1) people.Rd:16-29: Only 4 columns allowed in this table (row 11 has 2)
checkRd: (-1) people.Rd:16-29: Only 4 columns allowed in this table (row 12 has 2)
checkRd: (-1) simdata.Rd:14-20: Only 4 columns allowed in this table (row 1 has 2)
checkRd: (-1) simdata.Rd:14-20: Only 4 columns allowed in this table (row 2 has 2)
checkRd: (-1) simdata.Rd:14-20: Only 4 columns allowed in this table (row 3 has 2)
checkRd: (-1) simdata.Rd:14-20: Only 4 columns allowed in this table (row 4 has 2)
checkRd: (-1) simdata.Rd:14-20: Only 4 columns allowed in this table (row 5 has 2)
Flavors: r-devel-linux-x86_64-debian-clang, r-devel-linux-x86_64-debian-gcc, r-devel-windows-x86_64