Last updated on 2024-05-02 01:57:04 CEST.
Flavor | Version | Tinstall | Tcheck | Ttotal | Status | Flags |
---|---|---|---|---|---|---|
r-devel-linux-x86_64-debian-clang | 4.6-0 | 80.13 | 586.32 | 666.45 | OK | |
r-devel-linux-x86_64-debian-gcc | 4.6-0 | 65.77 | 390.00 | 455.77 | OK | |
r-devel-linux-x86_64-fedora-clang | 4.6-0 | 778.40 | NOTE | |||
r-devel-linux-x86_64-fedora-gcc | 4.6-0 | 746.57 | OK | |||
r-devel-windows-x86_64 | 4.6-0 | 63.00 | 392.00 | 455.00 | NOTE | |
r-patched-linux-x86_64 | 4.6-0 | 97.40 | 524.22 | 621.62 | OK | |
r-release-linux-x86_64 | 4.6-0 | 81.23 | 544.96 | 626.19 | OK | |
r-release-macos-arm64 | 4.6-0 | 159.00 | NOTE | |||
r-release-macos-x86_64 | 4.6-0 | 557.00 | NOTE | |||
r-release-windows-x86_64 | 4.6-0 | 65.00 | 365.00 | 430.00 | NOTE | |
r-oldrel-macos-arm64 | 4.6-0 | 166.00 | NOTE | |||
r-oldrel-macos-x86_64 | 4.6-0 | 498.00 | NOTE | |||
r-oldrel-windows-x86_64 | 4.6-0 | 86.00 | 494.00 | 580.00 | NOTE |
Version: 4.6-0
Check: installed package size
Result: NOTE
installed size is 5.2Mb
sub-directories of 1Mb or more:
R 2.0Mb
help 2.3Mb
Flavors: r-devel-linux-x86_64-fedora-clang, r-devel-windows-x86_64, r-release-macos-arm64, r-release-macos-x86_64, r-release-windows-x86_64, r-oldrel-macos-arm64, r-oldrel-macos-x86_64, r-oldrel-windows-x86_64