Last updated on 2025-11-16 01:49:21 CET.
| Flavor | Version | Tinstall | Tcheck | Ttotal | Status | Flags |
|---|---|---|---|---|---|---|
| r-devel-linux-x86_64-debian-clang | 1.19.0 | 44.91 | 306.63 | 351.54 | OK | |
| r-devel-linux-x86_64-debian-gcc | 1.19.0 | 26.31 | 209.22 | 235.53 | NOTE | |
| r-devel-linux-x86_64-fedora-clang | 1.19.0 | 95.00 | 450.63 | 545.63 | OK | |
| r-devel-linux-x86_64-fedora-gcc | 1.19.0 | 85.00 | 440.61 | 525.61 | OK | |
| r-devel-windows-x86_64 | 1.19.0 | 42.00 | 314.00 | 356.00 | OK | |
| r-patched-linux-x86_64 | 1.19.0 | 43.36 | 291.99 | 335.35 | OK | |
| r-release-linux-x86_64 | 1.19.0 | 42.13 | 291.01 | 333.14 | OK | |
| r-release-macos-arm64 | 1.19.0 | 17.00 | 111.00 | 128.00 | OK | |
| r-release-macos-x86_64 | 1.19.0 | 51.00 | 235.00 | 286.00 | OK | |
| r-release-windows-x86_64 | 1.19.0 | 39.00 | 315.00 | 354.00 | OK | |
| r-oldrel-macos-arm64 | 1.19.0 | 15.00 | 103.00 | 118.00 | OK | |
| r-oldrel-macos-x86_64 | 1.19.0 | 39.00 | 178.00 | 217.00 | OK | |
| r-oldrel-windows-x86_64 | 1.19.0 | 57.00 | 408.00 | 465.00 | OK |
Version: 1.19.0
Check: HTML version of manual
Result: NOTE
Found the following HTML validation problems:
metan.html:1272:1 (acv.Rd:6): Warning: <script> anchor "MathJax-script" already defined
metan.html:1441:1 (ammi_indexes.Rd:44): Warning: <script> anchor "MathJax-script" already defined
metan.html:2588:1 (blup_indexes.Rd:43): Warning: <script> anchor "MathJax-script" already defined
metan.html:2848:1 (clustering.Rd:77): Warning: <script> anchor "MathJax-script" already defined
metan.html:3067:1 (coincidence_index.Rd:33): Warning: <script> anchor "MathJax-script" already defined
metan.html:3367:1 (corr_ci.Rd:53): Warning: <script> anchor "MathJax-script" already defined
metan.html:3549:1 (corr_coef.Rd:57): Warning: <script> anchor "MathJax-script" already defined
metan.html:3992:1 (corr_ss.Rd:23): Warning: <script> anchor "MathJax-script" already defined
metan.html:6364:1 (gafem.Rd:80): Warning: <script> anchor "MathJax-script" already defined
metan.html:6476:1 (gai.Rd:39): Warning: <script> anchor "MathJax-script" already defined
metan.html:6653:1 (gamem.Rd:98): Warning: <script> anchor "MathJax-script" already defined
metan.html:7894:1 (ge_polar.Rd:6): Warning: <script> anchor "MathJax-script" already defined
metan.html:11003:1 (mantel_test.Rd:6): Warning: <script> anchor "MathJax-script" already defined
metan.html:11162:1 (mgidi.Rd:106): Warning: <script> anchor "MathJax-script" already defined
metan.html:12952:1 (performs_ammi.Rd:58): Warning: <script> anchor "MathJax-script" already defined
metan.html:23082:1 (utils_stats.Rd:244): Warning: <script> anchor "MathJax-script" already defined
metan.html:23411:1 (waas.Rd:114): Warning: <script> anchor "MathJax-script" already defined
metan.html:23674:1 (waas_means.Rd:81): Warning: <script> anchor "MathJax-script" already defined
metan.html:23861:1 (waasb.Rd:147): Warning: <script> anchor "MathJax-script" already defined
Flavor: r-devel-linux-x86_64-debian-gcc