Last updated on 2025-10-31 01:49:03 CET.
| Flavor | Version | Tinstall | Tcheck | Ttotal | Status | Flags | 
|---|---|---|---|---|---|---|
| r-devel-linux-x86_64-debian-clang | 0.5.1 | 10.93 | 28.80 | 39.73 | NOTE | |
| r-devel-linux-x86_64-debian-gcc | 0.5.1 | 7.30 | 22.82 | 30.12 | NOTE | |
| r-devel-linux-x86_64-fedora-clang | 0.5.1 | 26.00 | 37.24 | 63.24 | OK | |
| r-devel-linux-x86_64-fedora-gcc | 0.5.1 | 22.00 | 38.02 | 60.02 | OK | |
| r-devel-windows-x86_64 | 0.5.1 | 12.00 | 68.00 | 80.00 | OK | |
| r-patched-linux-x86_64 | 0.5.1 | 10.97 | 27.20 | 38.17 | OK | |
| r-release-linux-x86_64 | 0.5.1 | 10.81 | 27.28 | 38.09 | OK | |
| r-release-macos-arm64 | 0.5.1 | 5.00 | 17.00 | 22.00 | OK | |
| r-release-macos-x86_64 | 0.5.1 | 7.00 | 29.00 | 36.00 | OK | |
| r-release-windows-x86_64 | 0.5.1 | 14.00 | 64.00 | 78.00 | OK | |
| r-oldrel-macos-arm64 | 0.5.1 | 6.00 | 15.00 | 21.00 | OK | |
| r-oldrel-macos-x86_64 | 0.5.1 | 8.00 | 23.00 | 31.00 | OK | |
| r-oldrel-windows-x86_64 | 0.5.1 | 13.00 | 78.00 | 91.00 | OK | 
Version: 0.5.1
Check: CRAN incoming feasibility
Result: NOTE
  Maintainer: ‘Sebastian O. Schneider <sschneider@coll.mpg.de>’
  
  No Authors@R field in DESCRIPTION.
  Please add one, modifying
    Authors@R: c(person(given = c("Sebastian", "O."),
                        family = "Schneider",
                        role = c("aut", "cre"),
                        email = "sschneider@coll.mpg.de"),
                 person(given = "Giulia",
                        family = "Baldini",
                        role = "aut"))
  as necessary.
Flavors: r-devel-linux-x86_64-debian-clang, r-devel-linux-x86_64-debian-gcc