Last updated on 2025-10-31 01:49:03 CET.
| Flavor | Version | Tinstall | Tcheck | Ttotal | Status | Flags | 
|---|---|---|---|---|---|---|
| r-devel-linux-x86_64-debian-clang | 0.1.11 | 131.58 | 33.41 | 164.99 | NOTE | |
| r-devel-linux-x86_64-debian-gcc | 0.1.11 | 80.34 | 25.79 | 106.13 | NOTE | |
| r-devel-linux-x86_64-fedora-clang | 0.1.11 | 241.00 | 59.42 | 300.42 | NOTE | |
| r-devel-linux-x86_64-fedora-gcc | 0.1.11 | 345.00 | -41.96 | 303.04 | NOTE | |
| r-devel-windows-x86_64 | 0.1.11 | 135.00 | 70.00 | 205.00 | OK | |
| r-patched-linux-x86_64 | 0.1.11 | 124.15 | 31.31 | 155.46 | OK | |
| r-release-linux-x86_64 | 0.1.11 | 121.59 | 30.98 | 152.57 | OK | |
| r-release-macos-arm64 | 0.1.11 | 37.00 | 18.00 | 55.00 | OK | |
| r-release-macos-x86_64 | 0.1.11 | 43.00 | 34.00 | 77.00 | OK | |
| r-release-windows-x86_64 | 0.1.11 | 133.00 | 70.00 | 203.00 | OK | |
| r-oldrel-macos-arm64 | 0.1.11 | 37.00 | 22.00 | 59.00 | NOTE | |
| r-oldrel-macos-x86_64 | 0.1.11 | 38.00 | 44.00 | 82.00 | NOTE | |
| r-oldrel-windows-x86_64 | 0.1.11 | 156.00 | 89.00 | 245.00 | OK | 
Version: 0.1.11
Check: Rd files
Result: NOTE
  checkRd: (-1) mixedBayes-package.Rd:11-17: Only 2 columns allowed in this table (row 2 has 1)
  checkRd: (-1) mixedBayes-package.Rd:11-17: Only 2 columns allowed in this table (row 4 has 1)
  checkRd: (-1) mixedBayes-package.Rd:11-17: Only 2 columns allowed in this table (row 6 has 1)
  checkRd: (-1) mixedBayes-package.Rd:11-17: Only 2 columns allowed in this table (row 8 has 1)
Flavors: r-devel-linux-x86_64-debian-clang, r-devel-linux-x86_64-debian-gcc, r-devel-linux-x86_64-fedora-clang, r-devel-linux-x86_64-fedora-gcc
Version: 0.1.11
Check: installed package size
Result: NOTE
    installed size is  7.1Mb
    sub-directories of 1Mb or more:
      libs   7.0Mb
Flavors: r-oldrel-macos-arm64, r-oldrel-macos-x86_64