Last updated on 2025-11-16 01:49:21 CET.
| Flavor | Version | Tinstall | Tcheck | Ttotal | Status | Flags |
|---|---|---|---|---|---|---|
| r-devel-linux-x86_64-debian-clang | 1.2.10 | 16.60 | 285.65 | 302.25 | OK | |
| r-devel-linux-x86_64-debian-gcc | 1.2.10 | 10.57 | 209.75 | 220.32 | NOTE | |
| r-devel-linux-x86_64-fedora-clang | 1.2.10 | 43.00 | 432.17 | 475.17 | OK | |
| r-devel-linux-x86_64-fedora-gcc | 1.2.10 | 35.00 | 412.76 | 447.76 | OK | |
| r-devel-windows-x86_64 | 1.2.10 | 25.00 | 399.00 | 424.00 | OK | --no-vignettes |
| r-patched-linux-x86_64 | 1.2.10 | 18.39 | 269.71 | 288.10 | OK | |
| r-release-linux-x86_64 | 1.2.10 | 16.12 | 269.42 | 285.54 | OK | |
| r-release-macos-arm64 | 1.2.10 | 7.00 | 135.00 | 142.00 | OK | |
| r-release-macos-x86_64 | 1.2.10 | 23.00 | 311.00 | 334.00 | OK | |
| r-release-windows-x86_64 | 1.2.10 | 20.00 | 394.00 | 414.00 | OK | --no-vignettes |
| r-oldrel-macos-arm64 | 1.2.10 | 8.00 | 167.00 | 175.00 | OK | |
| r-oldrel-macos-x86_64 | 1.2.10 | 24.00 | 382.00 | 406.00 | OK | |
| r-oldrel-windows-x86_64 | 1.2.10 | 27.00 | 400.00 | 427.00 | OK | --no-vignettes |
Version: 1.2.10
Check: CRAN incoming feasibility
Result: NOTE
Maintainer: ‘Johannes Ranke <johannes.ranke@jrwb.de>’
The BugReports field in DESCRIPTION has
https://github.com/jranke/mkin/issues/
which should likely be
https://github.com/jranke/mkin/issues/issues
instead.
Flavor: r-devel-linux-x86_64-debian-gcc