Last updated on 2024-05-21 02:02:10 CEST.
Flavor | Version | Tinstall | Tcheck | Ttotal | Status | Flags |
---|---|---|---|---|---|---|
r-devel-linux-x86_64-debian-clang | 0.1 | 7.09 | 47.77 | 54.86 | NOTE | |
r-devel-linux-x86_64-debian-gcc | 0.1 | 4.82 | 36.92 | 41.74 | NOTE | |
r-devel-linux-x86_64-fedora-clang | 0.1 | 69.91 | NOTE | |||
r-devel-linux-x86_64-fedora-gcc | 0.1 | 75.60 | NOTE | |||
r-devel-windows-x86_64 | 0.1 | 6.00 | 55.00 | 61.00 | NOTE | |
r-patched-linux-x86_64 | 0.1 | 4.06 | 45.87 | 49.93 | NOTE | |
r-release-linux-x86_64 | 0.1 | 3.66 | 45.30 | 48.96 | NOTE | |
r-release-macos-arm64 | 0.1 | 31.00 | NOTE | |||
r-release-windows-x86_64 | 0.1 | 5.00 | 57.00 | 62.00 | NOTE | |
r-oldrel-macos-arm64 | 0.1 | 30.00 | NOTE | |||
r-oldrel-macos-x86_64 | 0.1 | 43.00 | NOTE | |||
r-oldrel-windows-x86_64 | 0.1 | 8.00 | 67.00 | 75.00 | NOTE |
Version: 0.1
Check: LazyData
Result: NOTE
'LazyData' is specified without a 'data' directory
Flavors: r-devel-linux-x86_64-debian-clang, r-devel-linux-x86_64-debian-gcc, r-devel-linux-x86_64-fedora-clang, r-devel-linux-x86_64-fedora-gcc, r-devel-windows-x86_64, r-patched-linux-x86_64, r-release-linux-x86_64, r-release-macos-arm64, r-release-windows-x86_64, r-oldrel-macos-arm64, r-oldrel-macos-x86_64, r-oldrel-windows-x86_64