Last updated on 2024-05-06 02:52:31 CEST.
Flavor | Version | Tinstall | Tcheck | Ttotal | Status | Flags |
---|---|---|---|---|---|---|
r-devel-linux-x86_64-debian-clang | 5.3 | 18.85 | 276.11 | 294.96 | NOTE | |
r-devel-linux-x86_64-debian-gcc | 5.3 | 14.90 | 193.47 | 208.37 | NOTE | |
r-devel-linux-x86_64-fedora-clang | 5.3 | 359.79 | NOTE | |||
r-devel-linux-x86_64-fedora-gcc | 5.3 | 349.97 | NOTE | |||
r-devel-windows-x86_64 | 5.3 | 16.00 | 189.00 | 205.00 | OK | |
r-patched-linux-x86_64 | 5.3 | 16.05 | 250.60 | 266.65 | NOTE | |
r-release-linux-x86_64 | 5.3 | 18.21 | 253.99 | 272.20 | NOTE | |
r-release-macos-arm64 | 5.3 | 90.00 | OK | |||
r-release-windows-x86_64 | 5.3 | 18.00 | 191.00 | 209.00 | OK | |
r-oldrel-macos-arm64 | 5.3 | 102.00 | OK | |||
r-oldrel-macos-x86_64 | 5.3 | 142.00 | OK | |||
r-oldrel-windows-x86_64 | 5.3 | 20.00 | 241.00 | 261.00 | OK |
Version: 5.3
Check: package dependencies
Result: NOTE
Package suggested but not available for checking: ‘rglwidget’
Flavors: r-devel-linux-x86_64-debian-clang, r-devel-linux-x86_64-debian-gcc, r-devel-linux-x86_64-fedora-clang, r-devel-linux-x86_64-fedora-gcc, r-patched-linux-x86_64, r-release-linux-x86_64