Last updated on 2025-05-01 01:49:38 CEST.
Flavor | Version | Tinstall | Tcheck | Ttotal | Status | Flags |
---|---|---|---|---|---|---|
r-devel-linux-x86_64-debian-clang | 0.2.4 | 38.98 | 469.11 | 508.09 | OK | |
r-devel-linux-x86_64-debian-gcc | 0.2.4 | 25.41 | 336.23 | 361.64 | OK | |
r-devel-linux-x86_64-fedora-clang | 0.2.4 | 819.66 | OK | |||
r-devel-linux-x86_64-fedora-gcc | 0.2.4 | 818.09 | OK | |||
r-devel-windows-x86_64 | 0.2.4 | 39.00 | 346.00 | 385.00 | OK | |
r-patched-linux-x86_64 | 0.2.4 | 34.19 | 438.32 | 472.51 | OK | |
r-release-linux-x86_64 | 0.2.4 | 38.31 | 444.26 | 482.57 | OK | |
r-release-macos-arm64 | 0.2.4 | 203.00 | OK | |||
r-release-macos-x86_64 | 0.2.4 | 427.00 | OK | |||
r-release-windows-x86_64 | 0.2.4 | 38.00 | 350.00 | 388.00 | OK | |
r-oldrel-macos-arm64 | 0.2.4 | 150.00 | OK | |||
r-oldrel-macos-x86_64 | 0.2.4 | 279.00 | OK | |||
r-oldrel-windows-x86_64 | 0.2.4 | 47.00 | 476.00 | 523.00 | OK |
Version: 0.2.4
Check: examples
Result: NA
user system elapsed
estimatePhi 0.745 4.764 4.611
OK
Flavor: r-devel-linux-x86_64-debian-gcc