Last updated on 2024-05-04 01:48:50 CEST.
Flavor | Version | Tinstall | Tcheck | Ttotal | Status | Flags |
---|---|---|---|---|---|---|
r-devel-linux-x86_64-debian-clang | 1.0.2 | 40.71 | 39.54 | 80.25 | NOTE | |
r-devel-linux-x86_64-fedora-clang | 1.0.2 | 115.00 | NOTE | |||
r-devel-linux-x86_64-fedora-gcc | 1.0.2 | 117.79 | NOTE | |||
r-devel-windows-x86_64 | 1.0.2 | 33.00 | 72.00 | 105.00 | NOTE | |
r-patched-linux-x86_64 | 1.0.2 | 41.46 | 40.04 | 81.50 | OK | |
r-release-linux-x86_64 | 1.0.2 | 35.70 | 40.83 | 76.53 | OK | |
r-release-macos-arm64 | 1.0.2 | 32.00 | OK | |||
r-release-macos-x86_64 | 1.0.2 | 74.00 | OK | |||
r-release-windows-x86_64 | 1.0.2 | 35.00 | 71.00 | 106.00 | OK | |
r-oldrel-macos-arm64 | 1.0.2 | 37.00 | OK | |||
r-oldrel-macos-x86_64 | 1.0.2 | 61.00 | OK | |||
r-oldrel-windows-x86_64 | 1.0.2 | 41.00 | 79.00 | 120.00 | OK |
Version: 1.0.2
Check: compiled code
Result: NOTE
File ‘multbxxc/libs/multbxxc.so’:
Found non-API calls to R: ‘IS_GROWABLE’, ‘SETLENGTH’,
‘SET_TRUELENGTH’
Compiled code should not call non-API entry points in R.
See ‘Writing portable packages’ in the ‘Writing R Extensions’ manual.
Flavors: r-devel-linux-x86_64-debian-clang, r-devel-linux-x86_64-fedora-clang, r-devel-linux-x86_64-fedora-gcc
Version: 1.0.2
Check: Rd cross-references
Result: NOTE
Undeclared package ‘slam’ in Rd xrefs
Flavor: r-devel-linux-x86_64-fedora-clang
Version: 1.0.2
Check: compiled code
Result: NOTE
File 'multbxxc/libs/x64/multbxxc.dll':
Found non-API calls to R: 'IS_GROWABLE', 'SETLENGTH',
'SET_TRUELENGTH'
Compiled code should not call non-API entry points in R.
See 'Writing portable packages' in the 'Writing R Extensions' manual.
Flavor: r-devel-windows-x86_64