Last updated on 2025-10-31 01:49:04 CET.
| Flavor | Version | Tinstall | Tcheck | Ttotal | Status | Flags | 
|---|---|---|---|---|---|---|
| r-devel-linux-x86_64-debian-clang | 0.8.10 | 40.32 | 232.45 | 272.77 | OK | |
| r-devel-linux-x86_64-debian-gcc | 0.8.10 | 25.57 | 174.83 | 200.40 | OK | |
| r-devel-linux-x86_64-fedora-clang | 0.8.10 | 84.00 | 332.09 | 416.09 | OK | |
| r-devel-linux-x86_64-fedora-gcc | 0.8.10 | 85.00 | 396.75 | 481.75 | OK | |
| r-devel-windows-x86_64 | 0.8.10 | 44.00 | 243.00 | 287.00 | OK | |
| r-patched-linux-x86_64 | 0.8.10 | 39.77 | 223.23 | 263.00 | OK | |
| r-release-linux-x86_64 | 0.8.10 | 39.05 | 238.83 | 277.88 | OK | |
| r-release-macos-arm64 | 0.8.10 | 17.00 | 102.00 | 119.00 | OK | |
| r-release-macos-x86_64 | 0.8.10 | 29.00 | 168.00 | 197.00 | OK | |
| r-release-windows-x86_64 | 0.8.10 | 43.00 | 240.00 | 283.00 | OK | |
| r-oldrel-macos-arm64 | 0.8.10 | 17.00 | 107.00 | 124.00 | NOTE | |
| r-oldrel-macos-x86_64 | 0.8.10 | 30.00 | 186.00 | 216.00 | NOTE | |
| r-oldrel-windows-x86_64 | 0.8.10 | 56.00 | 313.00 | 369.00 | OK | 
Version: 0.8.10
Check: installed package size
Result: NOTE
    installed size is 10.0Mb
    sub-directories of 1Mb or more:
      doc    1.5Mb
      libs   7.2Mb
Flavors: r-oldrel-macos-arm64, r-oldrel-macos-x86_64