Last updated on 2024-05-21 02:02:10 CEST.
Flavor | Version | Tinstall | Tcheck | Ttotal | Status | Flags |
---|---|---|---|---|---|---|
r-devel-linux-x86_64-debian-clang | 0.99-3 | 17.25 | 75.03 | 92.28 | OK | |
r-devel-linux-x86_64-debian-gcc | 0.99-3 | 12.48 | 52.17 | 64.65 | OK | |
r-devel-linux-x86_64-fedora-clang | 0.99-3 | 118.67 | NOTE | |||
r-devel-linux-x86_64-fedora-gcc | 0.99-3 | 108.28 | OK | |||
r-devel-windows-x86_64 | 0.99-3 | 15.00 | 65.00 | 80.00 | OK | |
r-patched-linux-x86_64 | 0.99-3 | 19.53 | 69.11 | 88.64 | OK | |
r-release-linux-x86_64 | 0.99-3 | 19.77 | 71.49 | 91.26 | OK | |
r-release-macos-arm64 | 0.99-3 | 31.00 | OK | |||
r-release-macos-x86_64 | 0.99-3 | 82.00 | OK | |||
r-release-windows-x86_64 | 0.99-3 | 16.00 | 66.00 | 82.00 | OK | |
r-oldrel-macos-arm64 | 0.99-3 | 32.00 | OK | |||
r-oldrel-macos-x86_64 | 0.99-3 | 80.00 | OK | |||
r-oldrel-windows-x86_64 | 0.99-3 | 14.00 | 72.00 | 86.00 | OK |
Version: 0.99-3
Check: Rd cross-references
Result: NOTE
Undeclared package ‘sdam’ in Rd xrefs
Flavor: r-devel-linux-x86_64-fedora-clang