CRAN Package Check Results for Package mvmesh

Last updated on 2025-11-15 02:53:07 CET.

Flavor Version Tinstall Tcheck Ttotal Status Flags
r-devel-linux-x86_64-debian-clang 1.6 5.62 46.71 52.33 NOTE
r-devel-linux-x86_64-debian-gcc 1.6 4.64 35.50 40.14 NOTE
r-devel-linux-x86_64-fedora-clang 1.6 13.00 65.60 78.60 OK
r-devel-linux-x86_64-fedora-gcc 1.6 11.00 63.61 74.61 OK
r-devel-windows-x86_64 1.6 10.00 60.00 70.00 OK
r-patched-linux-x86_64 1.6 5.61 43.50 49.11 OK
r-release-linux-x86_64 1.6 5.57 44.88 50.45 OK
r-release-macos-arm64 1.6 2.00 23.00 25.00 OK
r-release-macos-x86_64 1.6 4.00 36.00 40.00 OK
r-release-windows-x86_64 1.6 8.00 60.00 68.00 OK
r-oldrel-macos-arm64 1.6 2.00 22.00 24.00 OK
r-oldrel-macos-x86_64 1.6 4.00 31.00 35.00 OK
r-oldrel-windows-x86_64 1.6 9.00 69.00 78.00 OK

Check Details

Version: 1.6
Check: CRAN incoming feasibility
Result: NOTE Maintainer: ‘John P. Nolan <jpnolan@american.edu>’ No Authors@R field in DESCRIPTION. Please add one, modifying Authors@R: person(given = c("John", "P."), family = "Nolan", role = c("aut", "cre"), email = "jpnolan@american.edu") as necessary. Flavors: r-devel-linux-x86_64-debian-clang, r-devel-linux-x86_64-debian-gcc