Last updated on 2024-05-04 01:48:51 CEST.
Flavor | Version | Tinstall | Tcheck | Ttotal | Status | Flags |
---|---|---|---|---|---|---|
r-devel-linux-x86_64-debian-clang | 0.9.0 | 28.13 | 30.77 | 58.90 | OK | |
r-devel-linux-x86_64-fedora-clang | 0.9.0 | 84.26 | OK | |||
r-devel-linux-x86_64-fedora-gcc | 0.9.0 | 83.24 | OK | |||
r-devel-windows-x86_64 | 0.9.0 | 25.00 | 65.00 | 90.00 | NOTE | |
r-patched-linux-x86_64 | 0.9.0 | 29.50 | 29.68 | 59.18 | OK | |
r-release-linux-x86_64 | 0.9.0 | 33.35 | 28.54 | 61.89 | OK | |
r-release-macos-arm64 | 0.9.0 | 25.00 | OK | |||
r-release-windows-x86_64 | 0.9.0 | 23.00 | 72.00 | 95.00 | NOTE | |
r-oldrel-macos-arm64 | 0.9.0 | 28.00 | OK | |||
r-oldrel-macos-x86_64 | 0.9.0 | 42.00 | OK | |||
r-oldrel-windows-x86_64 | 0.9.0 | 30.00 | 70.00 | 100.00 | NOTE |
Version: 0.9.0
Check: C++ specification
Result: NOTE
Specified C++14: please drop specification unless essential
Flavors: r-devel-windows-x86_64, r-release-windows-x86_64, r-oldrel-windows-x86_64