CRAN Package Check Results for Package needs

Last updated on 2025-11-15 02:53:07 CET.

Flavor Version Tinstall Tcheck Ttotal Status Flags
r-devel-linux-x86_64-debian-clang 0.0.3 1.62 19.86 21.48 OK
r-devel-linux-x86_64-debian-gcc 0.0.3 1.35 16.66 18.01 OK
r-devel-linux-x86_64-fedora-clang 0.0.3 31.25 OK
r-devel-linux-x86_64-fedora-gcc 0.0.3 29.92 OK
r-devel-windows-x86_64 0.0.3 4.00 43.00 47.00 OK
r-patched-linux-x86_64 0.0.3 1.68 18.93 20.61 OK
r-release-linux-x86_64 0.0.3 1.56 19.13 20.69 OK
r-release-macos-arm64 0.0.3 1.00 14.00 15.00 OK
r-release-macos-x86_64 0.0.3 3.00 34.00 37.00 OK
r-release-windows-x86_64 0.0.3 2.00 43.00 45.00 OK
r-oldrel-macos-arm64 0.0.3 1.00 14.00 15.00 NOTE
r-oldrel-macos-x86_64 0.0.3 2.00 22.00 24.00 NOTE
r-oldrel-windows-x86_64 0.0.3 3.00 46.00 49.00 NOTE

Check Details

Version: 0.0.3
Check: LazyData
Result: NOTE 'LazyData' is specified without a 'data' directory Flavors: r-oldrel-macos-arm64, r-oldrel-macos-x86_64, r-oldrel-windows-x86_64