Last updated on 2024-05-21 02:02:11 CEST.
Flavor | Version | Tinstall | Tcheck | Ttotal | Status | Flags |
---|---|---|---|---|---|---|
r-devel-linux-x86_64-debian-clang | 2023.9.3 | 2.78 | 18.14 | 20.92 | OK | |
r-devel-linux-x86_64-debian-gcc | 2023.9.3 | 1.48 | 14.43 | 15.91 | OK | |
r-devel-linux-x86_64-fedora-clang | 2023.9.3 | 25.35 | NOTE | |||
r-devel-linux-x86_64-fedora-gcc | 2023.9.3 | 24.99 | OK | |||
r-devel-windows-x86_64 | 2023.9.3 | 3.00 | 33.00 | 36.00 | NOTE | |
r-patched-linux-x86_64 | 2023.9.3 | 3.46 | 17.30 | 20.76 | OK | |
r-release-linux-x86_64 | 2023.9.3 | 2.61 | 17.31 | 19.92 | OK | |
r-release-macos-arm64 | 2023.9.3 | 14.00 | NOTE | |||
r-release-windows-x86_64 | 2023.9.3 | 2.00 | 33.00 | 35.00 | NOTE | |
r-oldrel-macos-arm64 | 2023.9.3 | 17.00 | NOTE | |||
r-oldrel-macos-x86_64 | 2023.9.3 | 28.00 | NOTE | |||
r-oldrel-windows-x86_64 | 2023.9.3 | 5.00 | 32.00 | 37.00 | NOTE |
Version: 2023.9.3
Check: installed package size
Result: NOTE
installed size is 7.9Mb
sub-directories of 1Mb or more:
data 7.8Mb
Flavors: r-devel-linux-x86_64-fedora-clang, r-devel-windows-x86_64, r-release-macos-arm64, r-release-windows-x86_64, r-oldrel-macos-arm64, r-oldrel-macos-x86_64, r-oldrel-windows-x86_64