CRAN Package Check Results for Package nextGenShinyApps

Last updated on 2025-11-15 02:53:08 CET.

Flavor Version Tinstall Tcheck Ttotal Status Flags
r-devel-linux-x86_64-debian-clang 2.1 3.77 41.13 44.90 NOTE
r-devel-linux-x86_64-debian-gcc 2.1 2.98 32.04 35.02 NOTE
r-devel-linux-x86_64-fedora-clang 2.1 22.00 49.48 71.48 NOTE
r-devel-linux-x86_64-fedora-gcc 2.1 21.00 64.85 85.85 NOTE
r-devel-windows-x86_64 2.1 8.00 66.00 74.00 OK
r-patched-linux-x86_64 2.1 4.37 39.80 44.17 OK
r-release-linux-x86_64 2.1 4.22 39.33 43.55 OK
r-release-macos-arm64 2.1 3.00 38.00 41.00 OK
r-release-macos-x86_64 2.1 4.00 60.00 64.00 OK
r-release-windows-x86_64 2.1 7.00 66.00 73.00 OK
r-oldrel-macos-arm64 2.1 2.00 46.00 48.00 OK
r-oldrel-macos-x86_64 2.1 5.00 70.00 75.00 OK
r-oldrel-windows-x86_64 2.1 8.00 77.00 85.00 OK

Check Details

Version: 2.1
Check: CRAN incoming feasibility
Result: NOTE Maintainer: ‘Obinna Obianom <idonshayo@gmail.com>’ The BugReports field in DESCRIPTION has https://github.com/oobianom/nextGenShinyApps which should likely be https://github.com/oobianom/nextGenShinyApps/issues instead. Flavors: r-devel-linux-x86_64-debian-clang, r-devel-linux-x86_64-debian-gcc

Version: 2.1
Check: dependencies in R code
Result: NOTE Namespaces in Imports field not imported from: ‘quickcode’ ‘utils’ All declared Imports should be used. Flavors: r-devel-linux-x86_64-fedora-clang, r-devel-linux-x86_64-fedora-gcc