CRAN Package Check Results for Package nna

Last updated on 2025-11-15 03:50:19 CET.

Flavor Version Tinstall Tcheck Ttotal Status Flags
r-devel-linux-x86_64-debian-clang 0.0.2.1 1.47 17.46 18.93 OK
r-devel-linux-x86_64-debian-gcc 0.0.2.1 1.23 14.88 16.11 OK
r-devel-linux-x86_64-fedora-clang 0.0.2.1 28.19 OK
r-devel-linux-x86_64-fedora-gcc 0.0.2.1 26.92 OK
r-devel-windows-x86_64 0.0.2.1 4.00 31.00 35.00 OK
r-patched-linux-x86_64 0.0.2.1 1.48 16.42 17.90 OK
r-release-linux-x86_64 0.0.2.1 1.46 16.57 18.03 OK
r-release-macos-arm64 0.0.2.1 1.00 16.00 17.00 OK
r-release-macos-x86_64 0.0.2.1 2.00 24.00 26.00 OK
r-release-windows-x86_64 0.0.2.1 2.00 31.00 33.00 OK
r-oldrel-macos-arm64 0.0.2.1 1.00 12.00 13.00 NOTE
r-oldrel-macos-x86_64 0.0.2.1 2.00 19.00 21.00 NOTE
r-oldrel-windows-x86_64 0.0.2.1 2.00 33.00 35.00 NOTE

Check Details

Version: 0.0.2.1
Check: LazyData
Result: NOTE 'LazyData' is specified without a 'data' directory Flavors: r-oldrel-macos-arm64, r-oldrel-macos-x86_64, r-oldrel-windows-x86_64