Last updated on 2024-05-02 01:57:07 CEST.
Flavor | Version | Tinstall | Tcheck | Ttotal | Status | Flags |
---|---|---|---|---|---|---|
r-devel-linux-x86_64-debian-clang | 0.4.0 | 17.43 | 230.72 | 248.15 | OK | |
r-devel-linux-x86_64-debian-gcc | 0.4.0 | 11.43 | 172.11 | 183.54 | OK | |
r-devel-linux-x86_64-fedora-clang | 0.4.0 | 317.56 | NOTE | |||
r-devel-linux-x86_64-fedora-gcc | 0.4.0 | 309.83 | NOTE | |||
r-devel-windows-x86_64 | 0.4.0 | 14.00 | 194.00 | 208.00 | OK | |
r-patched-linux-x86_64 | 0.4.0 | 10.66 | 222.00 | 232.66 | OK | |
r-release-linux-x86_64 | 0.4.0 | 10.45 | 219.21 | 229.66 | OK | |
r-release-macos-arm64 | 0.4.0 | 99.00 | OK | |||
r-release-windows-x86_64 | 0.4.0 | 13.00 | 201.00 | 214.00 | OK | |
r-oldrel-macos-arm64 | 0.4.0 | 113.00 | OK | |||
r-oldrel-macos-x86_64 | 0.4.0 | 187.00 | OK | |||
r-oldrel-windows-x86_64 | 0.4.0 | 18.00 | 227.00 | 245.00 | OK |
Version: 0.4.0
Check: dependencies in R code
Result: NOTE
Namespaces in Imports field not imported from:
‘dplyr’ ‘e1071’ ‘pROC’ ‘purrr’ ‘randomForest’ ‘rlang’
All declared Imports should be used.
Flavors: r-devel-linux-x86_64-fedora-clang, r-devel-linux-x86_64-fedora-gcc