Last updated on 2025-05-08 01:51:12 CEST.
Flavor | Version | Tinstall | Tcheck | Ttotal | Status | Flags |
---|---|---|---|---|---|---|
r-devel-linux-x86_64-debian-clang | 2.1 | 11.96 | 219.36 | 231.32 | NOTE | |
r-devel-linux-x86_64-debian-gcc | 2.1 | 7.64 | 167.37 | 175.01 | NOTE | |
r-devel-linux-x86_64-fedora-clang | 2.1 | 325.71 | OK | |||
r-devel-linux-x86_64-fedora-gcc | 2.1 | 361.85 | OK | |||
r-devel-windows-x86_64 | 2.1 | 13.00 | 229.00 | 242.00 | OK | |
r-patched-linux-x86_64 | 2.1 | 11.71 | 216.34 | 228.05 | OK | |
r-release-linux-x86_64 | 2.1 | 11.01 | 215.88 | 226.89 | OK | |
r-release-macos-arm64 | 2.1 | 87.00 | OK | |||
r-release-macos-x86_64 | 2.1 | 162.00 | OK | |||
r-release-windows-x86_64 | 2.1 | 13.00 | 224.00 | 237.00 | OK | |
r-oldrel-macos-arm64 | 2.1 | 92.00 | OK | |||
r-oldrel-macos-x86_64 | 2.1 | 152.00 | OK | |||
r-oldrel-windows-x86_64 | 2.1 | 17.00 | 274.00 | 291.00 | OK |
Version: 2.1
Check: CRAN incoming feasibility
Result: NOTE
Maintainer: ‘Robin Ristl <robin.ristl@meduniwien.ac.at>’
Package CITATION file contains call(s) to old-style personList() or
as.personList(). Please use c() on person objects instead.
Package CITATION file contains call(s) to old-style citEntry(). Please
use bibentry() instead.
Flavors: r-devel-linux-x86_64-debian-clang, r-devel-linux-x86_64-debian-gcc