Last updated on 2024-05-21 02:02:11 CEST.
Flavor | Version | Tinstall | Tcheck | Ttotal | Status | Flags |
---|---|---|---|---|---|---|
r-devel-linux-x86_64-debian-clang | 0.0.18 | 49.22 | 80.66 | 129.88 | NOTE | |
r-devel-linux-x86_64-debian-gcc | 0.0.18 | 42.68 | 60.17 | 102.85 | NOTE | |
r-devel-linux-x86_64-fedora-clang | 0.0.18 | 181.11 | NOTE | |||
r-devel-linux-x86_64-fedora-gcc | 0.0.18 | 195.84 | NOTE | |||
r-devel-windows-x86_64 | 0.0.18 | 43.00 | 101.00 | 144.00 | NOTE | |
r-patched-linux-x86_64 | 0.0.18 | 43.06 | 77.63 | 120.69 | NOTE | |
r-release-linux-x86_64 | 0.0.18 | 40.29 | 77.59 | 117.88 | NOTE | |
r-release-macos-arm64 | 0.0.18 | 51.00 | NOTE | |||
r-release-windows-x86_64 | 0.0.18 | 47.00 | 104.00 | 151.00 | NOTE | |
r-oldrel-macos-arm64 | 0.0.18 | 53.00 | NOTE | |||
r-oldrel-macos-x86_64 | 0.0.18 | 94.00 | NOTE | |||
r-oldrel-windows-x86_64 | 0.0.18 | 56.00 | 122.00 | 178.00 | NOTE |
Version: 0.0.18
Check: C++ specification
Result: NOTE
Specified C++11: please drop specification unless essential
Flavors: r-devel-linux-x86_64-debian-clang, r-devel-linux-x86_64-debian-gcc, r-devel-linux-x86_64-fedora-clang, r-devel-linux-x86_64-fedora-gcc, r-devel-windows-x86_64, r-patched-linux-x86_64, r-release-linux-x86_64, r-release-macos-arm64, r-release-windows-x86_64, r-oldrel-macos-arm64, r-oldrel-macos-x86_64, r-oldrel-windows-x86_64
Version: 0.0.18
Check: Rd files
Result: NOTE
checkRd: (-1) oplsda.Rd:28-29: Lost braces in \itemize; \value handles \item{}{} directly
checkRd: (-1) oplsda.Rd:30-32: Lost braces in \itemize; \value handles \item{}{} directly
checkRd: (-1) oplsda.Rd:33-35: Lost braces in \itemize; \value handles \item{}{} directly
checkRd: (-1) oplsda.Rd:36-37: Lost braces in \itemize; \value handles \item{}{} directly
checkRd: (-1) oplsda.Rd:38: Lost braces in \itemize; \value handles \item{}{} directly
checkRd: (-1) oplsda.Rd:39-43: Lost braces in \itemize; \value handles \item{}{} directly
checkRd: (-1) oplsda.Rd:44: Lost braces in \itemize; \value handles \item{}{} directly
checkRd: (-1) oplsda.Rd:45: Lost braces in \itemize; \value handles \item{}{} directly
checkRd: (-1) plsda.Rd:28-29: Lost braces in \itemize; \value handles \item{}{} directly
checkRd: (-1) plsda.Rd:30-32: Lost braces in \itemize; \value handles \item{}{} directly
checkRd: (-1) plsda.Rd:33-35: Lost braces in \itemize; \value handles \item{}{} directly
checkRd: (-1) plsda.Rd:36: Lost braces in \itemize; \value handles \item{}{} directly
checkRd: (-1) plsda.Rd:37: Lost braces in \itemize; \value handles \item{}{} directly
checkRd: (-1) plsda.Rd:38: Lost braces in \itemize; \value handles \item{}{} directly
checkRd: (-1) plsda.Rd:39: Lost braces
39 | \item{code{PRESS}}{The residual sum of squares for the samples which were not used to fit the model}
| ^
checkRd: (-1) plsda.Rd:39: Lost braces in \itemize; \value handles \item{}{} directly
checkRd: (-1) plsda.Rd:40: Lost braces
40 | \item{code{Q2}}{quality of cross-validation}}
| ^
checkRd: (-1) plsda.Rd:40: Lost braces in \itemize; \value handles \item{}{} directly
Flavors: r-devel-linux-x86_64-debian-clang, r-devel-linux-x86_64-debian-gcc, r-devel-linux-x86_64-fedora-clang, r-devel-linux-x86_64-fedora-gcc, r-devel-windows-x86_64, r-patched-linux-x86_64, r-release-linux-x86_64, r-release-macos-arm64, r-release-windows-x86_64