Last updated on 2025-11-15 02:53:08 CET.
| Flavor | Version | Tinstall | Tcheck | Ttotal | Status | Flags |
|---|---|---|---|---|---|---|
| r-devel-linux-x86_64-debian-clang | 1.0.3 | 72.22 | 151.14 | 223.36 | OK | |
| r-devel-linux-x86_64-debian-gcc | 1.0.3 | 54.60 | 106.88 | 161.48 | OK | |
| r-devel-linux-x86_64-fedora-clang | 1.0.3 | 164.00 | 228.43 | 392.43 | OK | |
| r-devel-linux-x86_64-fedora-gcc | 1.0.3 | 123.00 | 277.05 | 400.05 | OK | |
| r-devel-windows-x86_64 | 1.0.3 | 121.00 | 168.00 | 289.00 | OK | |
| r-patched-linux-x86_64 | 1.0.3 | 81.60 | 145.91 | 227.51 | OK | |
| r-release-linux-x86_64 | 1.0.3 | 78.58 | 146.38 | 224.96 | OK | |
| r-release-macos-arm64 | 1.0.3 | 32.00 | 60.00 | 92.00 | OK | |
| r-release-macos-x86_64 | 1.0.3 | 30.00 | 109.00 | 139.00 | OK | |
| r-release-windows-x86_64 | 1.0.3 | 109.00 | 166.00 | 275.00 | OK | |
| r-oldrel-macos-arm64 | 1.0.3 | 29.00 | 58.00 | 87.00 | NOTE | |
| r-oldrel-macos-x86_64 | 1.0.3 | 33.00 | 114.00 | 147.00 | NOTE | |
| r-oldrel-windows-x86_64 | 1.0.3 | 121.00 | 198.00 | 319.00 | OK |
Version: 1.0.3
Check: installed package size
Result: NOTE
installed size is 6.1Mb
sub-directories of 1Mb or more:
libs 5.3Mb
Flavors: r-oldrel-macos-arm64, r-oldrel-macos-x86_64