CRAN Package Check Results for Package osmclass

Last updated on 2025-11-15 03:50:20 CET.

Flavor Version Tinstall Tcheck Ttotal Status Flags
r-devel-linux-x86_64-debian-clang 0.1.3 2.80 31.03 33.83 NOTE
r-devel-linux-x86_64-debian-gcc 0.1.3 2.23 24.47 26.70 NOTE
r-devel-linux-x86_64-fedora-clang 0.1.3 14.00 38.06 52.06 OK
r-devel-linux-x86_64-fedora-gcc 0.1.3 16.00 32.74 48.74 OK
r-devel-windows-x86_64 0.1.3 5.00 46.00 51.00 NOTE
r-patched-linux-x86_64 0.1.3 3.02 28.06 31.08 OK
r-release-linux-x86_64 0.1.3 2.98 27.72 30.70 OK
r-release-macos-arm64 0.1.3 2.00 18.00 20.00 OK
r-release-macos-x86_64 0.1.3 3.00 27.00 30.00 OK
r-release-windows-x86_64 0.1.3 4.00 45.00 49.00 OK
r-oldrel-macos-arm64 0.1.3 1.00 18.00 19.00 OK
r-oldrel-macos-x86_64 0.1.3 2.00 23.00 25.00 OK
r-oldrel-windows-x86_64 0.1.3 6.00 55.00 61.00 OK

Check Details

Version: 0.1.3
Check: Rd files
Result: NOTE checkRd: (-1) osm_classify.Rd:13-18: Only 3 columns allowed in this table (row 2 has 1) checkRd: (-1) osm_classify.Rd:13-18: Only 3 columns allowed in this table (row 3 has 1) Flavors: r-devel-linux-x86_64-debian-clang, r-devel-linux-x86_64-debian-gcc, r-devel-windows-x86_64