Last updated on 2025-11-15 02:53:08 CET.
| Flavor | Version | Tinstall | Tcheck | Ttotal | Status | Flags |
|---|---|---|---|---|---|---|
| r-devel-linux-x86_64-debian-clang | 0.2.2 | 629.87 | 40.37 | 670.24 | OK | |
| r-devel-linux-x86_64-debian-gcc | 0.2.2 | 385.22 | 29.52 | 414.74 | OK | |
| r-devel-linux-x86_64-fedora-clang | 0.2.2 | 569.00 | 756.20 | 1325.20 | OK | |
| r-devel-linux-x86_64-fedora-gcc | 0.2.2 | 720.00 | 460.00 | 1180.00 | OK | |
| r-devel-windows-x86_64 | 0.2.2 | 1024.00 | 196.00 | 1220.00 | OK | |
| r-patched-linux-x86_64 | 0.2.2 | 582.53 | 36.88 | 619.41 | OK | |
| r-release-linux-x86_64 | 0.2.2 | 566.63 | 37.28 | 603.91 | OK | |
| r-release-macos-arm64 | 0.2.2 | 225.00 | 24.00 | 249.00 | OK | |
| r-release-macos-x86_64 | 0.2.2 | 564.00 | 52.00 | 616.00 | OK | |
| r-release-windows-x86_64 | 0.2.2 | 768.00 | 196.00 | 964.00 | OK | |
| r-oldrel-macos-arm64 | 0.2.2 | 225.00 | 32.00 | 257.00 | NOTE | |
| r-oldrel-macos-x86_64 | 0.2.2 | 547.00 | 50.00 | 597.00 | NOTE | |
| r-oldrel-windows-x86_64 | 0.2.2 | 760.00 | 228.00 | 988.00 | NOTE |
Version: 0.2.2
Check: installed package size
Result: NOTE
installed size is 30.3Mb
sub-directories of 1Mb or more:
libs 29.9Mb
Flavors: r-oldrel-macos-arm64, r-oldrel-macos-x86_64, r-oldrel-windows-x86_64
Version: 0.2.2
Check: for GNU extensions in Makefiles
Result: NOTE
GNU make is a SystemRequirements.
Flavors: r-oldrel-macos-arm64, r-oldrel-macos-x86_64, r-oldrel-windows-x86_64