Last updated on 2024-05-07 01:53:22 CEST.
Flavor | Version | Tinstall | Tcheck | Ttotal | Status | Flags |
---|---|---|---|---|---|---|
r-devel-linux-x86_64-debian-clang | 0.5.1 | 4.15 | 37.37 | 41.52 | OK | |
r-devel-linux-x86_64-debian-gcc | 0.5.1 | 3.34 | 27.58 | 30.92 | OK | |
r-devel-linux-x86_64-fedora-clang | 0.5.1 | 54.23 | NOTE | |||
r-devel-linux-x86_64-fedora-gcc | 0.5.1 | 56.20 | OK | |||
r-devel-windows-x86_64 | 0.5.1 | 5.00 | 56.00 | 61.00 | OK | |
r-patched-linux-x86_64 | 0.5.1 | 3.48 | 35.30 | 38.78 | OK | |
r-release-linux-x86_64 | 0.5.1 | 4.35 | 35.58 | 39.93 | OK | |
r-release-macos-arm64 | 0.5.1 | 20.00 | OK | |||
r-release-windows-x86_64 | 0.5.1 | 5.00 | 55.00 | 60.00 | OK | |
r-oldrel-macos-arm64 | 0.5.1 | 20.00 | OK | |||
r-oldrel-macos-x86_64 | 0.5.1 | 30.00 | OK | |||
r-oldrel-windows-x86_64 | 0.5.1 | 6.00 | 57.00 | 63.00 | OK |
Version: 0.5.1
Check: Rd cross-references
Result: NOTE
Undeclared package ‘devtools’ in Rd xrefs
Flavor: r-devel-linux-x86_64-fedora-clang