Last updated on 2025-11-15 02:53:09 CET.
| Flavor | Version | Tinstall | Tcheck | Ttotal | Status | Flags |
|---|---|---|---|---|---|---|
| r-devel-linux-x86_64-debian-clang | 2.1.7 | 45.37 | 406.89 | 452.26 | OK | |
| r-devel-linux-x86_64-debian-gcc | 2.1.7 | 29.37 | 283.98 | 313.35 | OK | |
| r-devel-linux-x86_64-fedora-clang | 2.1.7 | 238.00 | 5812.87 | 6050.87 | ERROR | |
| r-devel-linux-x86_64-fedora-gcc | 2.1.7 | 194.00 | 5808.91 | 6002.91 | ERROR | |
| r-devel-windows-x86_64 | 2.1.7 | 43.00 | 378.00 | 421.00 | OK | |
| r-patched-linux-x86_64 | 2.1.7 | 42.67 | 400.65 | 443.32 | OK | |
| r-release-linux-x86_64 | 2.1.7 | 41.25 | 401.96 | 443.21 | OK | |
| r-release-macos-arm64 | 2.1.7 | 22.00 | 176.00 | 198.00 | OK | |
| r-release-macos-x86_64 | 2.1.7 | 47.00 | 393.00 | 440.00 | OK | |
| r-release-windows-x86_64 | 2.1.7 | 41.00 | 374.00 | 415.00 | OK | |
| r-oldrel-macos-arm64 | 2.1.7 | 20.00 | 162.00 | 182.00 | OK | |
| r-oldrel-macos-x86_64 | 2.1.7 | 42.00 | 405.00 | 447.00 | NOTE | |
| r-oldrel-windows-x86_64 | 2.1.7 | 62.00 | 510.00 | 572.00 | OK |
Version: 2.1.7
Check: re-building of vignette outputs
Result: ERROR
Error(s) in re-building vignettes:
--- re-building ‘bison_example.Rmd’ using rmarkdown
OMP: Warning #96: Cannot form a team with 24 threads, using 2 instead.
OMP: Hint Consider unsetting KMP_DEVICE_THREAD_LIMIT (KMP_ALL_THREADS), KMP_TEAMS_THREAD_LIMIT, and OMP_THREAD_LIMIT (if any are set).
Flavor: r-devel-linux-x86_64-fedora-clang
Version: 2.1.7
Check: re-building of vignette outputs
Result: ERROR
Error(s) in re-building vignettes:
--- re-building ‘bison_example.Rmd’ using rmarkdown
Flavor: r-devel-linux-x86_64-fedora-gcc
Version: 2.1.7
Check: installed package size
Result: NOTE
installed size is 5.2Mb
sub-directories of 1Mb or more:
data 4.5Mb
Flavor: r-oldrel-macos-x86_64