Last updated on 2024-05-21 02:02:12 CEST.
Flavor | Version | Tinstall | Tcheck | Ttotal | Status | Flags |
---|---|---|---|---|---|---|
r-devel-linux-x86_64-debian-clang | 1.0 | 2.36 | 27.43 | 29.79 | NOTE | |
r-devel-linux-x86_64-debian-gcc | 1.0 | 1.85 | 21.35 | 23.20 | NOTE | |
r-devel-linux-x86_64-fedora-clang | 1.0 | 39.16 | NOTE | |||
r-devel-linux-x86_64-fedora-gcc | 1.0 | 37.05 | NOTE | |||
r-devel-windows-x86_64 | 1.0 | 2.00 | 49.00 | 51.00 | NOTE | |
r-patched-linux-x86_64 | 1.0 | 2.07 | 25.74 | 27.81 | NOTE | |
r-release-linux-x86_64 | 1.0 | 2.29 | 26.77 | 29.06 | NOTE | |
r-release-macos-arm64 | 1.0 | 17.00 | NOTE | |||
r-release-windows-x86_64 | 1.0 | 4.00 | 48.00 | 52.00 | NOTE | |
r-oldrel-macos-arm64 | 1.0 | 18.00 | NOTE | |||
r-oldrel-macos-x86_64 | 1.0 | 23.00 | NOTE | |||
r-oldrel-windows-x86_64 | 1.0 | 4.00 | 47.00 | 51.00 | NOTE |
Version: 1.0
Check: package dependencies
Result: NOTE
Package suggested but not available for checking: ‘PythonInR’
Flavors: r-devel-linux-x86_64-debian-clang, r-devel-linux-x86_64-debian-gcc, r-devel-linux-x86_64-fedora-clang, r-devel-linux-x86_64-fedora-gcc, r-devel-windows-x86_64, r-patched-linux-x86_64, r-release-linux-x86_64, r-release-macos-arm64, r-release-windows-x86_64, r-oldrel-macos-arm64, r-oldrel-macos-x86_64, r-oldrel-windows-x86_64