Last updated on 2025-11-15 02:53:09 CET.
| Flavor | Version | Tinstall | Tcheck | Ttotal | Status | Flags |
|---|---|---|---|---|---|---|
| r-devel-linux-x86_64-debian-clang | 0.9-8 | 2.87 | 50.30 | 53.17 | OK | |
| r-devel-linux-x86_64-debian-gcc | 0.9-8 | 2.51 | 37.26 | 39.77 | OK | |
| r-devel-linux-x86_64-fedora-clang | 0.9-8 | 84.55 | OK | |||
| r-devel-linux-x86_64-fedora-gcc | 0.9-8 | 92.05 | OK | |||
| r-devel-windows-x86_64 | 0.9-8 | 5.00 | 5.00 | 10.00 | ERROR | |
| r-patched-linux-x86_64 | 0.9-8 | 3.40 | 47.69 | 51.09 | OK | |
| r-release-linux-x86_64 | 0.9-8 | 3.31 | 48.82 | 52.13 | OK | |
| r-release-macos-arm64 | 0.9-8 | 2.00 | 182.00 | 184.00 | OK | |
| r-release-macos-x86_64 | 0.9-8 | 3.00 | 130.00 | 133.00 | OK | |
| r-release-windows-x86_64 | 0.9-8 | 7.00 | 74.00 | 81.00 | OK | |
| r-oldrel-macos-arm64 | 0.9-8 | 2.00 | 157.00 | 159.00 | OK | |
| r-oldrel-macos-x86_64 | 0.9-8 | 3.00 | 125.00 | 128.00 | OK | |
| r-oldrel-windows-x86_64 | 0.9-8 | 4.00 | 84.00 | 88.00 | OK |
Version: 0.9-8
Check: whether package can be installed
Result: ERROR
Installation failed.
Flavor: r-devel-windows-x86_64