Last updated on 2025-10-31 01:49:07 CET.
| Flavor | Version | Tinstall | Tcheck | Ttotal | Status | Flags | 
|---|---|---|---|---|---|---|
| r-devel-linux-x86_64-debian-clang | 2.4 | 13.88 | 81.87 | 95.75 | OK | |
| r-devel-linux-x86_64-debian-gcc | 2.4 | 9.12 | 59.60 | 68.72 | OK | |
| r-devel-linux-x86_64-fedora-clang | 2.4 | 33.00 | 113.32 | 146.32 | OK | |
| r-devel-linux-x86_64-fedora-gcc | 2.4 | 34.00 | 104.60 | 138.60 | OK | |
| r-devel-windows-x86_64 | 2.4 | 19.00 | 98.00 | 117.00 | OK | |
| r-patched-linux-x86_64 | 2.4 | 13.83 | 74.18 | 88.01 | OK | |
| r-release-linux-x86_64 | 2.4 | 12.35 | 74.07 | 86.42 | OK | |
| r-release-macos-arm64 | 2.4 | 7.00 | 32.00 | 39.00 | OK | |
| r-release-macos-x86_64 | 2.4 | 13.00 | 53.00 | 66.00 | OK | |
| r-release-windows-x86_64 | 2.4 | 21.00 | 99.00 | 120.00 | OK | |
| r-oldrel-macos-arm64 | 2.4 | 8.00 | 31.00 | 39.00 | NOTE | |
| r-oldrel-macos-x86_64 | 2.4 | 13.00 | 46.00 | 59.00 | NOTE | |
| r-oldrel-windows-x86_64 | 2.4 | 27.00 | 128.00 | 155.00 | NOTE | 
Version: 2.4
Check: LazyData
Result: NOTE
    'LazyData' is specified without a 'data' directory
Flavors: r-oldrel-macos-arm64, r-oldrel-macos-x86_64, r-oldrel-windows-x86_64