Last updated on 2024-05-04 01:48:53 CEST.
Flavor | Version | Tinstall | Tcheck | Ttotal | Status | Flags |
---|---|---|---|---|---|---|
r-devel-linux-x86_64-debian-clang | 2.0.0 | 105.60 | 137.08 | 242.68 | NOTE | |
r-devel-linux-x86_64-fedora-clang | 2.0.0 | 404.27 | NOTE | |||
r-devel-linux-x86_64-fedora-gcc | 2.0.0 | 383.04 | OK | |||
r-devel-windows-x86_64 | 2.0.0 | 74.00 | 171.00 | 245.00 | NOTE | |
r-patched-linux-x86_64 | 2.0.0 | 101.68 | 158.52 | 260.20 | OK | |
r-release-linux-x86_64 | 2.0.0 | 100.40 | 164.64 | 265.04 | OK | |
r-release-macos-arm64 | 2.0.0 | 95.00 | NOTE | |||
r-release-macos-x86_64 | 2.0.0 | 132.00 | NOTE | |||
r-release-windows-x86_64 | 2.0.0 | 76.00 | 170.00 | 246.00 | NOTE | |
r-oldrel-macos-arm64 | 2.0.0 | 92.00 | NOTE | |||
r-oldrel-macos-x86_64 | 2.0.0 | 162.00 | NOTE | |||
r-oldrel-windows-x86_64 | 2.0.0 | 83.00 | 206.00 | 289.00 | NOTE |
Version: 2.0.0
Check: package dependencies
Result: NOTE
Packages suggested but not available for checking:
'Rsamtools', 'GenomicRanges', 'VariantAnnotation',
'SummarizedExperiment', 'GenomicFeatures'
Flavor: r-devel-linux-x86_64-debian-clang
Version: 2.0.0
Check: Rd cross-references
Result: NOTE
Packages unavailable to check Rd xrefs: ‘Rsamtools’, ‘BSgenome’, ‘GenomicFeatures’, ‘VariantAnnotation’
Flavor: r-devel-linux-x86_64-debian-clang
Version: 2.0.0
Check: Rd cross-references
Result: NOTE
Undeclared packages ‘polymapR’, ‘BSgenome’ in Rd xrefs
Flavor: r-devel-linux-x86_64-fedora-clang
Version: 2.0.0
Check: installed package size
Result: NOTE
installed size is 5.4Mb
sub-directories of 1Mb or more:
extdata 2.8Mb
libs 1.2Mb
Flavors: r-devel-windows-x86_64, r-release-macos-arm64, r-release-macos-x86_64, r-release-windows-x86_64, r-oldrel-macos-arm64, r-oldrel-macos-x86_64, r-oldrel-windows-x86_64
Version: 2.0.0
Check: package dependencies
Result: NOTE
Packages suggested but not available for checking:
'VariantAnnotation', 'GenomicFeatures'
Flavor: r-release-macos-x86_64
Version: 2.0.0
Check: Rd cross-references
Result: NOTE
Packages unavailable to check Rd xrefs: ‘BSgenome’, ‘GenomicFeatures’, ‘VariantAnnotation’
Flavor: r-release-macos-x86_64
Version: 2.0.0
Check: package dependencies
Result: NOTE
Package suggested but not available for checking: ‘VariantAnnotation’
Flavors: r-oldrel-macos-arm64, r-oldrel-macos-x86_64
Version: 2.0.0
Check: Rd cross-references
Result: NOTE
Package unavailable to check Rd xrefs: ‘VariantAnnotation’
Flavors: r-oldrel-macos-arm64, r-oldrel-macos-x86_64