Last updated on 2025-11-15 03:50:22 CET.
| Flavor | Version | Tinstall | Tcheck | Ttotal | Status | Flags |
|---|---|---|---|---|---|---|
| r-devel-linux-x86_64-debian-clang | 3.0.0 | 42.63 | 151.94 | 194.57 | OK | |
| r-devel-linux-x86_64-debian-gcc | 3.0.0 | 37.61 | 104.62 | 142.23 | OK | |
| r-devel-linux-x86_64-fedora-clang | 3.0.0 | 81.00 | 233.44 | 314.44 | OK | |
| r-devel-linux-x86_64-fedora-gcc | 3.0.0 | 76.00 | 247.08 | 323.08 | OK | |
| r-devel-windows-x86_64 | 3.0.0 | 66.00 | 198.00 | 264.00 | OK | |
| r-patched-linux-x86_64 | 3.0.0 | 49.25 | 143.81 | 193.06 | OK | |
| r-release-linux-x86_64 | 3.0.0 | 47.66 | 142.92 | 190.58 | OK | |
| r-release-macos-arm64 | 3.0.0 | 18.00 | 64.00 | 82.00 | OK | |
| r-release-macos-x86_64 | 3.0.0 | 26.00 | 142.00 | 168.00 | OK | |
| r-release-windows-x86_64 | 3.0.0 | 52.00 | 195.00 | 247.00 | OK | |
| r-oldrel-macos-arm64 | 3.0.0 | 18.00 | 71.00 | 89.00 | NOTE | |
| r-oldrel-macos-x86_64 | 3.0.0 | 22.00 | 114.00 | 136.00 | OK | |
| r-oldrel-windows-x86_64 | 3.0.0 | 68.00 | 239.00 | 307.00 | OK |
Version: 3.0.0
Check: installed package size
Result: NOTE
installed size is 5.6Mb
sub-directories of 1Mb or more:
libs 3.1Mb
Flavor: r-oldrel-macos-arm64