Last updated on 2025-11-16 01:49:25 CET.
| Flavor | Version | Tinstall | Tcheck | Ttotal | Status | Flags |
|---|---|---|---|---|---|---|
| r-devel-linux-x86_64-debian-clang | 2.9.8 | 30.03 | 243.60 | 273.63 | OK | |
| r-devel-linux-x86_64-debian-gcc | 2.9.8 | 20.88 | 170.71 | 191.59 | NOTE | |
| r-devel-linux-x86_64-fedora-clang | 2.9.8 | 229.00 | 232.68 | 461.68 | OK | |
| r-devel-linux-x86_64-fedora-gcc | 2.9.8 | 67.00 | 348.18 | 415.18 | OK | |
| r-devel-windows-x86_64 | 2.9.8 | 52.00 | 270.00 | 322.00 | OK | |
| r-patched-linux-x86_64 | 2.9.8 | 34.34 | 231.11 | 265.45 | OK | |
| r-release-linux-x86_64 | 2.9.8 | 28.60 | 228.15 | 256.75 | OK | |
| r-release-macos-arm64 | 2.9.8 | 12.00 | 95.00 | 107.00 | OK | |
| r-release-macos-x86_64 | 2.9.8 | 28.00 | 183.00 | 211.00 | OK | |
| r-release-windows-x86_64 | 2.9.8 | 42.00 | 268.00 | 310.00 | OK | |
| r-oldrel-macos-arm64 | 2.9.8 | 16.00 | 102.00 | 118.00 | OK | |
| r-oldrel-macos-x86_64 | 2.9.8 | 28.00 | 175.00 | 203.00 | OK | |
| r-oldrel-windows-x86_64 | 2.9.8 | 50.00 | 339.00 | 389.00 | OK |
Version: 2.9.8
Check: CRAN incoming feasibility
Result: NOTE
Maintainer: ‘Zhian N. Kamvar <zkamvar@gmail.com>’
The BugReports field in DESCRIPTION has
https://github.com/grunwaldlab/poppr/issues/
which should likely be
https://github.com/grunwaldlab/poppr/issues/issues
instead.
Flavor: r-devel-linux-x86_64-debian-gcc