CRAN Package Check Results for Package praznik

Last updated on 2025-11-15 03:50:22 CET.

Flavor Version Tinstall Tcheck Ttotal Status Flags
r-devel-linux-x86_64-debian-clang 12.0.0 5.56 38.32 43.88 ERROR
r-devel-linux-x86_64-debian-gcc 12.0.0 4.91 32.96 37.87 OK
r-devel-linux-x86_64-fedora-clang 12.0.0 30.00 32.86 62.86 OK
r-devel-linux-x86_64-fedora-gcc 12.0.0 32.00 32.46 64.46 OK
r-devel-windows-x86_64 12.0.0 14.00 76.00 90.00 OK
r-patched-linux-x86_64 12.0.0 6.56 35.30 41.86 OK
r-release-linux-x86_64 11.0.0 7.31 41.02 48.33 NOTE
r-release-macos-arm64 12.0.0 3.00 21.00 24.00 OK
r-release-macos-x86_64 12.0.0 15.00 64.00 79.00 OK
r-release-windows-x86_64 12.0.0 15.00 67.00 82.00 OK
r-oldrel-macos-arm64 11.0.0 3.00 22.00 25.00 OK
r-oldrel-macos-x86_64 11.0.0 4.00 32.00 36.00 OK
r-oldrel-windows-x86_64 11.0.0 11.00 79.00 90.00 OK

Check Details

Version: 12.0.0
Check: tests
Result: ERROR Running ‘tinytest.R’ [8s/5s] Running the tests in ‘tests/tinytest.R’ failed. Complete output: > > if ( requireNamespace("tinytest", quietly=TRUE) ){ + tinytest::test_package("praznik") + } test-engine.R................. 0 tests test-engine.R................. 0 tests test-engine.R................. 25 tests <1b>[0;32mOK<1b>[0m <1b>[0;34m0.2s<1b>[0m test-input.R.................. 0 tests test-input.R.................. 0 tests test-input.R.................. 1 tests <1b>[0;32mOK<1b>[0m test-input.R.................. 2 tests <1b>[0;32mOK<1b>[0m test-input.R.................. 2 tests <1b>[0;32mOK<1b>[0m test-input.R.................. 2 tests <1b>[0;32mOK<1b>[0m test-input.R.................. 2 tests <1b>[0;32mOK<1b>[0m test-input.R.................. 2 tests <1b>[0;32mOK<1b>[0m test-input.R.................. 3 tests <1b>[0;32mOK<1b>[0m test-input.R.................. 4 tests <1b>[0;32mOK<1b>[0m test-input.R.................. 5 tests <1b>[0;32mOK<1b>[0m test-input.R.................. 6 tests <1b>[0;32mOK<1b>[0m test-input.R.................. 7 tests <1b>[0;32mOK<1b>[0m test-input.R.................. 7 tests <1b>[0;32mOK<1b>[0m test-input.R.................. 7 tests <1b>[0;32mOK<1b>[0m test-input.R.................. 7 tests <1b>[0;32mOK<1b>[0m test-input.R.................. 8 tests <1b>[0;32mOK<1b>[0m test-input.R.................. 9 tests <1b>[0;32mOK<1b>[0m test-input.R.................. 10 tests <1b>[0;32mOK<1b>[0m test-input.R.................. 10 tests <1b>[0;32mOK<1b>[0m test-input.R.................. 11 tests <1b>[0;32mOK<1b>[0m test-input.R.................. 11 tests <1b>[0;32mOK<1b>[0m test-input.R.................. 11 tests <1b>[0;32mOK<1b>[0m test-input.R.................. 12 tests <1b>[0;32mOK<1b>[0m test-input.R.................. 12 tests <1b>[0;32mOK<1b>[0m test-input.R.................. 49 tests <1b>[0;32mOK<1b>[0m test-input.R.................. 50 tests <1b>[0;32mOK<1b>[0m test-input.R.................. 50 tests <1b>[0;32mOK<1b>[0m test-input.R.................. 51 tests <1b>[0;32mOK<1b>[0m test-input.R.................. 51 tests <1b>[0;32mOK<1b>[0m test-input.R.................. 52 tests <1b>[0;32mOK<1b>[0m test-input.R.................. 52 tests <1b>[0;32mOK<1b>[0m test-input.R.................. 52 tests <1b>[0;32mOK<1b>[0m test-input.R.................. 52 tests <1b>[0;32mOK<1b>[0m test-input.R.................. 52 tests <1b>[0;32mOK<1b>[0m test-input.R.................. 55 tests <1b>[0;32mOK<1b>[0m test-input.R.................. 67 tests <1b>[0;32mOK<1b>[0m test-input.R.................. 67 tests <1b>[0;32mOK<1b>[0m test-input.R.................. 67 tests <1b>[0;32mOK<1b>[0m test-input.R.................. 68 tests <1b>[0;32mOK<1b>[0m test-input.R.................. 68 tests <1b>[0;32mOK<1b>[0m test-input.R.................. 68 tests <1b>[0;32mOK<1b>[0m test-input.R.................. 68 tests <1b>[0;32mOK<1b>[0m test-input.R.................. 68 tests <1b>[0;32mOK<1b>[0m test-input.R.................. 78 tests <1b>[0;32mOK<1b>[0m test-input.R.................. 83 tests <1b>[0;32mOK<1b>[0m test-input.R.................. 83 tests <1b>[0;32mOK<1b>[0m test-input.R.................. 83 tests <1b>[0;32mOK<1b>[0m test-input.R.................. 83 tests <1b>[0;32mOK<1b>[0m test-input.R.................. 83 tests <1b>[0;32mOK<1b>[0m test-input.R.................. 84 tests <1b>[0;32mOK<1b>[0m test-input.R.................. 84 tests <1b>[0;32mOK<1b>[0m test-input.R.................. 85 tests <1b>[0;32mOK<1b>[0m test-input.R.................. 85 tests <1b>[0;32mOK<1b>[0m test-input.R.................. 86 tests <1b>[0;32mOK<1b>[0m test-input.R.................. 86 tests <1b>[0;32mOK<1b>[0m test-input.R.................. 86 tests <1b>[0;32mOK<1b>[0m test-input.R.................. 87 tests <1b>[0;32mOK<1b>[0m test-input.R.................. 87 tests <1b>[0;32mOK<1b>[0m test-input.R.................. 87 tests <1b>[0;32mOK<1b>[0m test-input.R.................. 87 tests <1b>[0;32mOK<1b>[0m test-input.R.................. 88 tests <1b>[0;32mOK<1b>[0m test-input.R.................. 89 tests <1b>[0;32mOK<1b>[0m test-input.R.................. 90 tests <1b>[0;32mOK<1b>[0m test-input.R.................. 91 tests <1b>[0;32mOK<1b>[0m test-input.R.................. 92 tests <1b>[0;32mOK<1b>[0m test-input.R.................. 93 tests <1b>[0;32mOK<1b>[0m test-input.R.................. 94 tests <1b>[0;32mOK<1b>[0m test-input.R.................. 94 tests <1b>[0;32mOK<1b>[0m test-input.R.................. 95 tests <1b>[0;32mOK<1b>[0m test-input.R.................. 96 tests <1b>[0;32mOK<1b>[0m test-input.R.................. 97 tests <1b>[0;32mOK<1b>[0m test-input.R.................. 98 tests <1b>[0;32mOK<1b>[0m test-input.R.................. 99 tests <1b>[0;32mOK<1b>[0m test-input.R.................. 100 tests <1b>[0;32mOK<1b>[0m <1b>[0;34m0.2s<1b>[0m test-joinf.R.................. 0 tests test-joinf.R.................. 1 tests <1b>[0;32mOK<1b>[0m <1b>[0;36m8ms<1b>[0m test-madelon.R................ 0 tests test-madelon.R................ 0 tests test-madelon.R................ 0 tests test-madelon.R................ 0 tests test-madelon.R................ 0 tests test-madelon.R................ 0 tests test-madelon.R................ 16 tests <1b>[0;32mOK<1b>[0m test-madelon.R................ 16 tests <1b>[0;32mOK<1b>[0m test-madelon.R................ 16 tests <1b>[0;32mOK<1b>[0m test-madelon.R................ 16 tests <1b>[0;32mOK<1b>[0m test-madelon.R................ 17 tests <1b>[0;32mOK<1b>[0m test-madelon.R................ 18 tests <1b>[0;32mOK<1b>[0m <1b>[0;34m2.5s<1b>[0m test-matrix.R................. 0 tests test-matrix.R................. 0 tests test-matrix.R................. 0 tests test-matrix.R................. 0 tests test-matrix.R................. 0 tests test-matrix.R................. 0 tests test-matrix.R................. 0 tests test-matrix.R................. 0 tests test-matrix.R................. 1 tests <1b>[0;32mOK<1b>[0m test-matrix.R................. 2 tests <1b>[0;32mOK<1b>[0m test-matrix.R................. 3 tests <1b>[0;32mOK<1b>[0m test-matrix.R................. 4 tests <1b>[0;32mOK<1b>[0m test-matrix.R................. 5 tests <1b>[0;32mOK<1b>[0m test-matrix.R................. 6 tests <1b>[0;32mOK<1b>[0m test-matrix.R................. 7 tests <1b>[0;32mOK<1b>[0m test-matrix.R................. 8 tests <1b>[0;32mOK<1b>[0m test-matrix.R................. 9 tests <1b>[0;32mOK<1b>[0m test-matrix.R................. 10 tests <1b>[0;32mOK<1b>[0m test-matrix.R................. 11 tests <1b>[0;32mOK<1b>[0m test-matrix.R................. 12 tests <1b>[0;32mOK<1b>[0m test-matrix.R................. 12 tests <1b>[0;32mOK<1b>[0m test-matrix.R................. 13 tests <1b>[0;32mOK<1b>[0m test-matrix.R................. 14 tests <1b>[0;32mOK<1b>[0m test-matrix.R................. 14 tests <1b>[0;32mOK<1b>[0m test-matrix.R................. 15 tests <1b>[0;32mOK<1b>[0m test-matrix.R................. 16 tests <1b>[0;32mOK<1b>[0m <1b>[0;36m40ms<1b>[0m test-native-pure.R............ 0 tests test-native-pure.R............ 0 tests test-native-pure.R............ 0 tests test-native-pure.R............ 0 tests test-native-pure.R............ 0 tests test-native-pure.R............ 0 tests test-native-pure.R............ 0 tests test-native-pure.R............ 9 tests <1b>[0;32mOK<1b>[0m test-native-pure.R............ 18 tests <1b>[0;32mOK<1b>[0m test-native-pure.R............ 27 tests <1b>[0;32mOK<1b>[0m test-native-pure.R............ 27 tests <1b>[0;32mOK<1b>[0m test-native-pure.R............ 28 tests <1b>[0;32mOK<1b>[0m test-native-pure.R............ 28 tests <1b>[0;32mOK<1b>[0m test-native-pure.R............ 29 tests <1b>[0;32mOK<1b>[0m test-native-pure.R............ 29 tests <1b>[0;32mOK<1b>[0m test-native-pure.R............ 29 tests <1b>[0;32mOK<1b>[0m test-native-pure.R............ 30 tests <1b>[0;32mOK<1b>[0m test-native-pure.R............ 31 tests <1b>[0;32mOK<1b>[0m test-native-pure.R............ 32 tests <1b>[0;32mOK<1b>[0m test-native-pure.R............ 32 tests <1b>[0;32mOK<1b>[0m test-native-pure.R............ 33 tests <1b>[0;32mOK<1b>[0m test-native-pure.R............ 34 tests <1b>[0;32mOK<1b>[0m test-native-pure.R............ 34 tests <1b>[0;32mOK<1b>[0m test-native-pure.R............ 35 tests <1b>[0;32mOK<1b>[0m test-native-pure.R............ 36 tests <1b>[0;32mOK<1b>[0m test-native-pure.R............ 42 tests <1b>[0;32mOK<1b>[0m test-native-pure.R............ 42 tests <1b>[0;32mOK<1b>[0m test-native-pure.R............ 42 tests <1b>[0;32mOK<1b>[0m test-native-pure.R............ 43 tests <1b>[0;32mOK<1b>[0m test-native-pure.R............ 43 tests <1b>[0;32mOK<1b>[0m test-native-pure.R............ 43 tests <1b>[0;32mOK<1b>[0m test-native-pure.R............ 44 tests <1b>[0;32mOK<1b>[0m test-native-pure.R............ 45 tests <1b>[0;32mOK<1b>[0m test-native-pure.R............ 46 tests <1b>[0;32mOK<1b>[0m test-native-pure.R............ 55 tests <1b>[0;31m1 fails<1b>[0m test-native-pure.R............ 55 tests <1b>[0;31m1 fails<1b>[0m test-native-pure.R............ 56 tests <1b>[0;31m1 fails<1b>[0m test-native-pure.R............ 56 tests <1b>[0;31m1 fails<1b>[0m test-native-pure.R............ 56 tests <1b>[0;31m1 fails<1b>[0m test-native-pure.R............ 57 tests <1b>[0;31m1 fails<1b>[0m test-native-pure.R............ 58 tests <1b>[0;31m1 fails<1b>[0m <1b>[0;34m1.1s<1b>[0m test-transform.R.............. 54 tests <1b>[0;32mOK<1b>[0m test-transform.R.............. 55 tests <1b>[0;32mOK<1b>[0m test-transform.R.............. 56 tests <1b>[0;32mOK<1b>[0m test-transform.R.............. 57 tests <1b>[0;32mOK<1b>[0m test-transform.R.............. 57 tests <1b>[0;32mOK<1b>[0m test-transform.R.............. 57 tests <1b>[0;32mOK<1b>[0m test-transform.R.............. 57 tests <1b>[0;32mOK<1b>[0m test-transform.R.............. 57 tests <1b>[0;32mOK<1b>[0m test-transform.R.............. 58 tests <1b>[0;32mOK<1b>[0m test-transform.R.............. 59 tests <1b>[0;32mOK<1b>[0m test-transform.R.............. 60 tests <1b>[0;32mOK<1b>[0m test-transform.R.............. 61 tests <1b>[0;32mOK<1b>[0m test-transform.R.............. 62 tests <1b>[0;32mOK<1b>[0m test-transform.R.............. 63 tests <1b>[0;32mOK<1b>[0m test-transform.R.............. 64 tests <1b>[0;32mOK<1b>[0m test-transform.R.............. 65 tests <1b>[0;32mOK<1b>[0m test-transform.R.............. 66 tests <1b>[0;32mOK<1b>[0m test-transform.R.............. 66 tests <1b>[0;32mOK<1b>[0m test-transform.R.............. 67 tests <1b>[0;32mOK<1b>[0m test-transform.R.............. 87 tests <1b>[0;32mOK<1b>[0m test-transform.R.............. 88 tests <1b>[0;32mOK<1b>[0m test-transform.R.............. 89 tests <1b>[0;32mOK<1b>[0m test-transform.R.............. 90 tests <1b>[0;32mOK<1b>[0m test-transform.R.............. 91 tests <1b>[0;32mOK<1b>[0m test-transform.R.............. 92 tests <1b>[0;32mOK<1b>[0m test-transform.R.............. 93 tests <1b>[0;32mOK<1b>[0m test-transform.R.............. 94 tests <1b>[0;32mOK<1b>[0m test-transform.R.............. 94 tests <1b>[0;32mOK<1b>[0m test-transform.R.............. 94 tests <1b>[0;32mOK<1b>[0m test-transform.R.............. 95 tests <1b>[0;32mOK<1b>[0m test-transform.R.............. 96 tests <1b>[0;32mOK<1b>[0m test-transform.R.............. 97 tests <1b>[0;32mOK<1b>[0m test-transform.R.............. 98 tests <1b>[0;32mOK<1b>[0m test-transform.R.............. 99 tests <1b>[0;32mOK<1b>[0m test-transform.R.............. 100 tests <1b>[0;32mOK<1b>[0m test-transform.R.............. 100 tests <1b>[0;32mOK<1b>[0m test-transform.R.............. 101 tests <1b>[0;32mOK<1b>[0m test-transform.R.............. 101 tests <1b>[0;32mOK<1b>[0m test-transform.R.............. 101 tests <1b>[0;32mOK<1b>[0m test-transform.R.............. 102 tests <1b>[0;32mOK<1b>[0m test-transform.R.............. 102 tests <1b>[0;32mOK<1b>[0m test-transform.R.............. 103 tests <1b>[0;32mOK<1b>[0m test-transform.R.............. 103 tests <1b>[0;32mOK<1b>[0m test-transform.R.............. 104 tests <1b>[0;32mOK<1b>[0m <1b>[0;36m66ms<1b>[0m ----- FAILED[data]: test-native-pure.R<131--136> call| expect_equal(current = met(iris[, rep(1:4, 10)], iris$Species, call| threads = 2), target = met(iris[, rep(1:4, 10)], iris$Species, call| threads = 1)) diff| Component "selection": Names: 1 string mismatch diff| Component "selection": Mean relative difference: 1 diff| Component "score": Names: 1 string mismatch Error: 1 out of 322 tests failed Execution halted Flavor: r-devel-linux-x86_64-debian-clang

Version: 11.0.0
Check: compiled code
Result: NOTE File ‘praznik/libs/praznik.so’: Found non-API call to R: ‘Rf_isFrame’ Compiled code should not call non-API entry points in R. See ‘Writing portable packages’ in the ‘Writing R Extensions’ manual, and section ‘Moving into C API compliance’ for issues with the use of non-API entry points. Flavor: r-release-linux-x86_64