CRAN Package Check Results for Package pricesensitivitymeter

Last updated on 2025-07-23 02:54:06 CEST.

Flavor Version Tinstall Tcheck Ttotal Status Flags
r-devel-linux-x86_64-debian-clang 1.3.0 8.77 102.43 111.20 NOTE
r-devel-linux-x86_64-debian-gcc 1.3.0 6.27 74.01 80.28 NOTE
r-devel-linux-x86_64-fedora-clang 1.3.0 169.35 OK
r-devel-linux-x86_64-fedora-gcc 1.3.0 177.17 OK
r-devel-windows-x86_64 1.3.0 10.00 102.00 112.00 NOTE
r-patched-linux-x86_64 1.3.0 8.89 95.69 104.58 NOTE
r-release-linux-x86_64 1.3.0 8.34 97.01 105.35 NOTE
r-release-macos-arm64 1.3.0 55.00 OK
r-release-macos-x86_64 1.3.0 99.00 OK
r-release-windows-x86_64 1.3.0 10.00 101.00 111.00 NOTE
r-oldrel-macos-arm64 1.3.0 55.00 OK
r-oldrel-macos-x86_64 1.3.0 83.00 OK
r-oldrel-windows-x86_64 1.3.0 13.00 128.00 141.00 OK

Check Details

Version: 1.3.0
Check: Rd cross-references
Result: NOTE Found the following Rd file(s) with Rd \link{} targets missing package anchors: psm_analysis_weighted.rd: svydesign Please provide package anchors for all Rd \link{} targets not in the package itself and the base packages. Flavors: r-devel-linux-x86_64-debian-clang, r-devel-linux-x86_64-debian-gcc, r-devel-windows-x86_64, r-patched-linux-x86_64, r-release-linux-x86_64, r-release-windows-x86_64